{"id":12328,"date":"2016-05-27T21:03:00","date_gmt":"2016-05-27T19:03:00","guid":{"rendered":"http:\/\/www.ff-sarstedt.de\/stadt\/?post_type=einsatz&#038;p=12328"},"modified":"2017-04-21T20:36:24","modified_gmt":"2017-04-21T18:36:24","slug":"ff-sarstedt-wohnhausbrand","status":"publish","type":"einsatz","link":"https:\/\/www.ff-sarstedt.de\/stadt\/archive\/einsaetze\/ff-sarstedt-wohnhausbrand","title":{"rendered":"FF Sarstedt | Wohnhausbrand"},"content":{"rendered":"<p>Am Freitag Abend gegen 21:00 Uhr wurde die Feuerwehr Sarstedt zur Unterst\u00fctzung bei einem Wohnhausbrand in Rautenberg alarmiert.<\/p>\n<p>Die Drehleiter und das L\u00f6schgruppenfahrzeug machten sich alarmm\u00e4\u00dfig auf den Weg nach Rautenberg.<\/p>\n<p>Bereits die erste Meldung lautete &#8220;Wohnhausbrand&#8221;.<\/p>\n<p>Vor Ort stellte sich die Lage so da das bereits 3 Dachst\u00fchle brannten und ein \u00fcbergreifen der Flammen auf ein 4. Wohnhaus zu verhindern war. Zusammen mit der Drehleiter der Berufsfeuerwehr Hildesheim wurde eine Riegelstellung zum n\u00e4chsten Wohnhaus errichtet und war erfolgreich. Zeitgleich gingen Trupps unter schwerem Atemschutz in das 4. Geb\u00e4ude um sicherzustellen das sich dort keine Personen mehr aufhalten.<\/p>\n<p>Vor Ort waren ca. 180 Einsatzkr\u00e4fte aus der Gemeinde Harsum, Stadt Hildesheim, FTZ Gr. D\u00fcngen und der Stadt Sarstedt.<\/p>\n\n\t\t<style type=\"text\/css\">\n\t\t\t#gallery-1 {\n\t\t\t\tmargin: auto;\n\t\t\t}\n\t\t\t#gallery-1 .gallery-item {\n\t\t\t\tfloat: left;\n\t\t\t\tmargin-top: 10px;\n\t\t\t\ttext-align: center;\n\t\t\t\twidth: 50%;\n\t\t\t}\n\t\t\t#gallery-1 img {\n\t\t\t\tborder: 2px solid #cfcfcf;\n\t\t\t}\n\t\t\t#gallery-1 .gallery-caption {\n\t\t\t\tmargin-left: 0;\n\t\t\t}\n\t\t\t\/* see gallery_shortcode() in wp-includes\/media.php *\/\n\t\t<\/style>\n\t\t<div id='gallery-1' class='gallery galleryid-12328 gallery-columns-2 gallery-size-thumbnail'><dl class='gallery-item'>\n\t\t\t<dt class='gallery-icon portrait'>\n\t\t\t\t<a rel=\"prettyPhoto[postimages]\" href='https:\/\/www.ff-sarstedt.de\/stadt\/13322166_1029918760431621_7578200428061005036_n'><img loading=\"lazy\" decoding=\"async\" width=\"150\" height=\"150\" src=\"https:\/\/www.ff-sarstedt.de\/stadt\/wp-content\/uploads\/2016\/05\/13322166_1029918760431621_7578200428061005036_n-150x150.jpg\" class=\"attachment-thumbnail size-thumbnail\" alt=\"Dachstuhlbrand Rautenberg\" aria-describedby=\"gallery-1-12336\" \/><\/a>\n\t\t\t<\/dt>\n\t\t\t\t<dd class='wp-caption-text gallery-caption' id='gallery-1-12336'>\n\t\t\t\t(c) Blitzer Hildesheim\n\t\t\t\t<\/dd><\/dl><dl class='gallery-item'>\n\t\t\t<dt class='gallery-icon portrait'>\n\t\t\t\t<a rel=\"prettyPhoto[postimages]\" href='https:\/\/www.ff-sarstedt.de\/stadt\/img-20160528-wa0010-jpg'><img loading=\"lazy\" decoding=\"async\" width=\"150\" height=\"150\" src=\"https:\/\/www.ff-sarstedt.de\/stadt\/wp-content\/uploads\/2016\/05\/img-20160528-wa0010-150x150.jpg\" class=\"attachment-thumbnail size-thumbnail\" alt=\"\" aria-describedby=\"gallery-1-12340\" \/><\/a>\n\t\t\t<\/dt>\n\t\t\t\t<dd class='wp-caption-text gallery-caption' id='gallery-1-12340'>\n\t\t\t\t(c) FF Sarstedt\n\t\t\t\t<\/dd><\/dl><br style=\"clear: both\" \/><dl class='gallery-item'>\n\t\t\t<dt class='gallery-icon landscape'>\n\t\t\t\t<a rel=\"prettyPhoto[postimages]\" href='https:\/\/www.ff-sarstedt.de\/stadt\/img-20160528-wa0011-jpg'><img loading=\"lazy\" decoding=\"async\" width=\"150\" height=\"150\" src=\"https:\/\/www.ff-sarstedt.de\/stadt\/wp-content\/uploads\/2016\/05\/img-20160528-wa0011-150x150.jpg\" class=\"attachment-thumbnail size-thumbnail\" alt=\"\" aria-describedby=\"gallery-1-12339\" \/><\/a>\n\t\t\t<\/dt>\n\t\t\t\t<dd class='wp-caption-text gallery-caption' id='gallery-1-12339'>\n\t\t\t\t(c) FF Sarstedt\n\t\t\t\t<\/dd><\/dl>\n\t\t\t<br style='clear: both' \/>\n\t\t<\/div>\n\n<p>&nbsp;<\/p>\n<p>&nbsp;<\/p>\n<p>Externe Links:<\/p>\n<p><a href=\"http:\/\/hannoverreporter.de\/news.php?mode=showdetail;nid=5910\" target=\"_blank\">Hannoverreporter<\/a><\/p>\n<p><a href=\"http:\/\/www.nonstopnews.de\/meldung\/22819\" target=\"_blank\">Nonstopnews<\/a><\/p>\n","protected":false},"author":15,"featured_media":12336,"template":"","meta":{"_monsterinsights_skip_tracking":false,"_monsterinsights_sitenote_active":false,"_monsterinsights_sitenote_note":"","_monsterinsights_sitenote_category":0,"einsatz_weight":1,"footnotes":""},"categories":[39],"tags":[],"einsatzart":[],"fahrzeug":[180,8],"exteinsatzmittel":[336,335,334,327,328],"alarmierungsart":[],"evw_unit":[],"class_list":["post-12328","einsatz","type-einsatz","status-publish","has-post-thumbnail","hentry","category-einsatz","fahrzeug-dlk-2312cc","fahrzeug-lf-16-ts-sarstedt","exteinsatzmittel-feuerwehr-stadt-hildesheim","exteinsatzmittel-feuerwehren-gemeinde-harsum","exteinsatzmittel-ftz-gr-duengen","exteinsatzmittel-polizei","exteinsatzmittel-rettungswagen"],"aioseo_notices":[],"_links":{"self":[{"href":"https:\/\/www.ff-sarstedt.de\/stadt\/wp-json\/wp\/v2\/einsatz\/12328","targetHints":{"allow":["GET"]}}],"collection":[{"href":"https:\/\/www.ff-sarstedt.de\/stadt\/wp-json\/wp\/v2\/einsatz"}],"about":[{"href":"https:\/\/www.ff-sarstedt.de\/stadt\/wp-json\/wp\/v2\/types\/einsatz"}],"author":[{"embeddable":true,"href":"https:\/\/www.ff-sarstedt.de\/stadt\/wp-json\/wp\/v2\/users\/15"}],"version-history":[{"count":0,"href":"https:\/\/www.ff-sarstedt.de\/stadt\/wp-json\/wp\/v2\/einsatz\/12328\/revisions"}],"wp:featuredmedia":[{"embeddable":true,"href":"https:\/\/www.ff-sarstedt.de\/stadt\/wp-json\/wp\/v2\/media\/12336"}],"wp:attachment":[{"href":"https:\/\/www.ff-sarstedt.de\/stadt\/wp-json\/wp\/v2\/media?parent=12328"}],"wp:term":[{"taxonomy":"category","embeddable":true,"href":"https:\/\/www.ff-sarstedt.de\/stadt\/wp-json\/wp\/v2\/categories?post=12328"},{"taxonomy":"post_tag","embeddable":true,"href":"https:\/\/www.ff-sarstedt.de\/stadt\/wp-json\/wp\/v2\/tags?post=12328"},{"taxonomy":"einsatzart","embeddable":true,"href":"https:\/\/www.ff-sarstedt.de\/stadt\/wp-json\/wp\/v2\/einsatzart?post=12328"},{"taxonomy":"fahrzeug","embeddable":true,"href":"https:\/\/www.ff-sarstedt.de\/stadt\/wp-json\/wp\/v2\/fahrzeug?post=12328"},{"taxonomy":"exteinsatzmittel","embeddable":true,"href":"https:\/\/www.ff-sarstedt.de\/stadt\/wp-json\/wp\/v2\/exteinsatzmittel?post=12328"},{"taxonomy":"alarmierungsart","embeddable":true,"href":"https:\/\/www.ff-sarstedt.de\/stadt\/wp-json\/wp\/v2\/alarmierungsart?post=12328"},{"taxonomy":"evw_unit","embeddable":true,"href":"https:\/\/www.ff-sarstedt.de\/stadt\/wp-json\/wp\/v2\/evw_unit?post=12328"}],"curies":[{"name":"wp","href":"https:\/\/api.w.org\/{rel}","templated":true}]}}

<p>Am Freitag Abend gegen 21:00 Uhr wurde die Feuerwehr Sarstedt zur Unterstützung bei einem Wohnhausbrand in Rautenberg alarmiert.</p>
<p>Die Drehleiter und das Löschgruppenfahrzeug machten sich alarmmäßig auf den Weg nach Rautenberg.</p>
<p>Bereits die erste Meldung lautete &#8220;Wohnhausbrand&#8221;.</p>
<p>Vor Ort stellte sich die Lage so da das bereits 3 Dachstühle brannten und ein übergreifen der Flammen auf ein 4. Wohnhaus zu verhindern war. Zusammen mit der Drehleiter der Berufsfeuerwehr Hildesheim wurde eine Riegelstellung zum nächsten Wohnhaus errichtet und war erfolgreich. Zeitgleich gingen Trupps unter schwerem Atemschutz in das 4. Gebäude um sicherzustellen das sich dort keine Personen mehr aufhalten.</p>
<p>Vor Ort waren ca. 180 Einsatzkräfte aus der Gemeinde Harsum, Stadt Hildesheim, FTZ Gr. Düngen und der Stadt Sarstedt.</p>

		<style type="text/css">
			#gallery-1 {
				margin: auto;
			}
			#gallery-1 .gallery-item {
				float: left;
				margin-top: 10px;
				text-align: center;
				width: 50%;
			}
			#gallery-1 img {
				border: 2px solid #cfcfcf;
			}
			#gallery-1 .gallery-caption {
				margin-left: 0;
			}
			/* see gallery_shortcode() in wp-includes/media.php */
		</style>
		<div id='gallery-1' class='gallery galleryid-12328 gallery-columns-2 gallery-size-thumbnail'><dl class='gallery-item'>
			<dt class='gallery-icon portrait'>
				<a rel="prettyPhoto[postimages]" href='https://www.ff-sarstedt.de/stadt/13322166_1029918760431621_7578200428061005036_n'><img loading="lazy" decoding="async" width="150" height="150" src="https://www.ff-sarstedt.de/stadt/wp-content/uploads/2016/05/13322166_1029918760431621_7578200428061005036_n-150x150.jpg" class="attachment-thumbnail size-thumbnail" alt="Dachstuhlbrand Rautenberg" aria-describedby="gallery-1-12336" /></a>
			</dt>
				<dd class='wp-caption-text gallery-caption' id='gallery-1-12336'>
				(c) Blitzer Hildesheim
				</dd></dl><dl class='gallery-item'>
			<dt class='gallery-icon portrait'>
				<a rel="prettyPhoto[postimages]" href='https://www.ff-sarstedt.de/stadt/img-20160528-wa0010-jpg'><img loading="lazy" decoding="async" width="150" height="150" src="https://www.ff-sarstedt.de/stadt/wp-content/uploads/2016/05/img-20160528-wa0010-150x150.jpg" class="attachment-thumbnail size-thumbnail" alt="" aria-describedby="gallery-1-12340" /></a>
			</dt>
				<dd class='wp-caption-text gallery-caption' id='gallery-1-12340'>
				(c) FF Sarstedt
				</dd></dl><br style="clear: both" /><dl class='gallery-item'>
			<dt class='gallery-icon landscape'>
				<a rel="prettyPhoto[postimages]" href='https://www.ff-sarstedt.de/stadt/img-20160528-wa0011-jpg'><img loading="lazy" decoding="async" width="150" height="150" src="https://www.ff-sarstedt.de/stadt/wp-content/uploads/2016/05/img-20160528-wa0011-150x150.jpg" class="attachment-thumbnail size-thumbnail" alt="" aria-describedby="gallery-1-12339" /></a>
			</dt>
				<dd class='wp-caption-text gallery-caption' id='gallery-1-12339'>
				(c) FF Sarstedt
				</dd></dl>
			<br style='clear: both' />
		</div>

<p>&nbsp;</p>
<p>&nbsp;</p>
<p>Externe Links:</p>
<p><a href="http://hannoverreporter.de/news.php?mode=showdetail;nid=5910" target="_blank">Hannoverreporter</a></p>
<p><a href="http://www.nonstopnews.de/meldung/22819" target="_blank">Nonstopnews</a></p>
