{"id":22888,"date":"2020-06-04T12:10:00","date_gmt":"2020-06-04T10:10:00","guid":{"rendered":"http:\/\/www.ff-sarstedt.de\/stadt\/?post_type=einsatz&#038;p=22888"},"modified":"2020-09-27T11:26:54","modified_gmt":"2020-09-27T09:26:54","slug":"ff-sarstedt-h0-oel","status":"publish","type":"einsatz","link":"https:\/\/www.ff-sarstedt.de\/stadt\/archive\/einsaetze\/ff-sarstedt-h0-oel","title":{"rendered":"FF Sarstedt | H0 &#8211; \u00d6l"},"content":{"rendered":"\n<p>An einem Traktor ist bei Arbeiten am Regenkanal ein Hydraulikschlauch geplatzt. Die Feuerwehr Sarstedt konnte mit \u00d6lbinder und \u00d6lsperren den Schaden eind\u00e4mmen. Durch eine Fachfirma wurde die Stra\u00dfe gereinigt.&nbsp;<\/p>\n<p>Nach ca. 2,5h konnte die Einsatzstelle \u00fcbergeben werden.<\/p>\n","protected":false},"author":29,"featured_media":22889,"template":"","meta":{"_monsterinsights_skip_tracking":false,"_monsterinsights_sitenote_active":false,"_monsterinsights_sitenote_note":"","_monsterinsights_sitenote_category":0,"einsatz_weight":1,"footnotes":""},"categories":[42,13,60],"tags":[],"einsatzart":[463],"fahrzeug":[190,181,183,196],"exteinsatzmittel":[376,592,375,358],"alarmierungsart":[507],"evw_unit":[],"class_list":["post-22888","einsatz","type-einsatz","status-publish","has-post-thumbnail","hentry","category-einsatzabteilung","category-hilfeleistung","category-sarstedt","einsatzart-oelspur","fahrzeug-bvd-sarstedt","fahrzeug-gw-oel-sarstedt","fahrzeug-mtw-sarstedt","fahrzeug-stadtbrandmeister-klug","exteinsatzmittel-bauhof-sarstedt","exteinsatzmittel-firma-metras","exteinsatzmittel-stadtentwaesserung-sarstedt","exteinsatzmittel-untere-wasserbehoerde-des-lk-hildesheim","alarmierungsart-dme"],"aioseo_notices":[],"_links":{"self":[{"href":"https:\/\/www.ff-sarstedt.de\/stadt\/wp-json\/wp\/v2\/einsatz\/22888","targetHints":{"allow":["GET"]}}],"collection":[{"href":"https:\/\/www.ff-sarstedt.de\/stadt\/wp-json\/wp\/v2\/einsatz"}],"about":[{"href":"https:\/\/www.ff-sarstedt.de\/stadt\/wp-json\/wp\/v2\/types\/einsatz"}],"author":[{"embeddable":true,"href":"https:\/\/www.ff-sarstedt.de\/stadt\/wp-json\/wp\/v2\/users\/29"}],"version-history":[{"count":0,"href":"https:\/\/www.ff-sarstedt.de\/stadt\/wp-json\/wp\/v2\/einsatz\/22888\/revisions"}],"wp:featuredmedia":[{"embeddable":true,"href":"https:\/\/www.ff-sarstedt.de\/stadt\/wp-json\/wp\/v2\/media\/22889"}],"wp:attachment":[{"href":"https:\/\/www.ff-sarstedt.de\/stadt\/wp-json\/wp\/v2\/media?parent=22888"}],"wp:term":[{"taxonomy":"category","embeddable":true,"href":"https:\/\/www.ff-sarstedt.de\/stadt\/wp-json\/wp\/v2\/categories?post=22888"},{"taxonomy":"post_tag","embeddable":true,"href":"https:\/\/www.ff-sarstedt.de\/stadt\/wp-json\/wp\/v2\/tags?post=22888"},{"taxonomy":"einsatzart","embeddable":true,"href":"https:\/\/www.ff-sarstedt.de\/stadt\/wp-json\/wp\/v2\/einsatzart?post=22888"},{"taxonomy":"fahrzeug","embeddable":true,"href":"https:\/\/www.ff-sarstedt.de\/stadt\/wp-json\/wp\/v2\/fahrzeug?post=22888"},{"taxonomy":"exteinsatzmittel","embeddable":true,"href":"https:\/\/www.ff-sarstedt.de\/stadt\/wp-json\/wp\/v2\/exteinsatzmittel?post=22888"},{"taxonomy":"alarmierungsart","embeddable":true,"href":"https:\/\/www.ff-sarstedt.de\/stadt\/wp-json\/wp\/v2\/alarmierungsart?post=22888"},{"taxonomy":"evw_unit","embeddable":true,"href":"https:\/\/www.ff-sarstedt.de\/stadt\/wp-json\/wp\/v2\/evw_unit?post=22888"}],"curies":[{"name":"wp","href":"https:\/\/api.w.org\/{rel}","templated":true}]}}

FF Sarstedt | H0 &#8211; Öl

<p>An einem Traktor ist bei Arbeiten am Regenkanal ein Hydraulikschlauch geplatzt. Die Feuerwehr Sarstedt konnte mit Ölbinder und Ölsperren den Schaden eindämmen. Durch eine Fachfirma wurde die Straße gereinigt.&nbsp;</p>
<p>Nach ca. 2,5h konnte die Einsatzstelle übergeben werden.</p>
