{"id":25320,"date":"2022-02-19T04:28:00","date_gmt":"2022-02-19T03:28:00","guid":{"rendered":"https:\/\/www.ff-sarstedt.de\/stadt\/?post_type=einsatz&#038;p=25320"},"modified":"2022-02-26T15:51:50","modified_gmt":"2022-02-26T14:51:50","slug":"ff-sarstedt-h0-sturmschaden-46","status":"publish","type":"einsatz","link":"https:\/\/www.ff-sarstedt.de\/stadt\/archive\/einsaetze\/ff-sarstedt-h0-sturmschaden-46","title":{"rendered":"FF Sarstedt | H0 &#8211; Sturmschaden"},"content":{"rendered":"\n<p>Mehrere Fahrstreifen auf der Bundesstra\u00dfe 6 waren aufgrund eines umgest\u00fcrzten Baumes blockiert. Wir machten z\u00fcgig den Weg wieder frei, sodass der Verkehr wieder rollen konnte.\u00a0<\/p>\n","protected":false},"author":29,"featured_media":25331,"template":"","meta":{"_monsterinsights_skip_tracking":false,"_monsterinsights_sitenote_active":false,"_monsterinsights_sitenote_note":"","_monsterinsights_sitenote_category":0,"einsatz_weight":1,"footnotes":""},"categories":[42,13,58,60],"tags":[713,560,538,537],"einsatzart":[465],"fahrzeug":[],"exteinsatzmittel":[327],"alarmierungsart":[507],"evw_unit":[775],"class_list":["post-25320","einsatz","type-einsatz","status-publish","has-post-thumbnail","hentry","category-einsatzabteilung","category-hilfeleistung","category-ortsfeuerwehr","category-sarstedt","tag-h0","tag-hilfeleistung","tag-ortsfeuerwehr-sarstedt","tag-sarstedt","einsatzart-sturmschaden","exteinsatzmittel-polizei","alarmierungsart-dme","evw_unit-of-sarstedt"],"aioseo_notices":[],"_links":{"self":[{"href":"https:\/\/www.ff-sarstedt.de\/stadt\/wp-json\/wp\/v2\/einsatz\/25320","targetHints":{"allow":["GET"]}}],"collection":[{"href":"https:\/\/www.ff-sarstedt.de\/stadt\/wp-json\/wp\/v2\/einsatz"}],"about":[{"href":"https:\/\/www.ff-sarstedt.de\/stadt\/wp-json\/wp\/v2\/types\/einsatz"}],"author":[{"embeddable":true,"href":"https:\/\/www.ff-sarstedt.de\/stadt\/wp-json\/wp\/v2\/users\/29"}],"version-history":[{"count":2,"href":"https:\/\/www.ff-sarstedt.de\/stadt\/wp-json\/wp\/v2\/einsatz\/25320\/revisions"}],"predecessor-version":[{"id":25332,"href":"https:\/\/www.ff-sarstedt.de\/stadt\/wp-json\/wp\/v2\/einsatz\/25320\/revisions\/25332"}],"wp:featuredmedia":[{"embeddable":true,"href":"https:\/\/www.ff-sarstedt.de\/stadt\/wp-json\/wp\/v2\/media\/25331"}],"wp:attachment":[{"href":"https:\/\/www.ff-sarstedt.de\/stadt\/wp-json\/wp\/v2\/media?parent=25320"}],"wp:term":[{"taxonomy":"category","embeddable":true,"href":"https:\/\/www.ff-sarstedt.de\/stadt\/wp-json\/wp\/v2\/categories?post=25320"},{"taxonomy":"post_tag","embeddable":true,"href":"https:\/\/www.ff-sarstedt.de\/stadt\/wp-json\/wp\/v2\/tags?post=25320"},{"taxonomy":"einsatzart","embeddable":true,"href":"https:\/\/www.ff-sarstedt.de\/stadt\/wp-json\/wp\/v2\/einsatzart?post=25320"},{"taxonomy":"fahrzeug","embeddable":true,"href":"https:\/\/www.ff-sarstedt.de\/stadt\/wp-json\/wp\/v2\/fahrzeug?post=25320"},{"taxonomy":"exteinsatzmittel","embeddable":true,"href":"https:\/\/www.ff-sarstedt.de\/stadt\/wp-json\/wp\/v2\/exteinsatzmittel?post=25320"},{"taxonomy":"alarmierungsart","embeddable":true,"href":"https:\/\/www.ff-sarstedt.de\/stadt\/wp-json\/wp\/v2\/alarmierungsart?post=25320"},{"taxonomy":"evw_unit","embeddable":true,"href":"https:\/\/www.ff-sarstedt.de\/stadt\/wp-json\/wp\/v2\/evw_unit?post=25320"}],"curies":[{"name":"wp","href":"https:\/\/api.w.org\/{rel}","templated":true}]}}

<p>Mehrere Fahrstreifen auf der Bundesstraße 6 waren aufgrund eines umgestürzten Baumes blockiert. Wir machten zügig den Weg wieder frei, sodass der Verkehr wieder rollen konnte. </p>
