{"id":30914,"date":"2026-04-07T17:11:00","date_gmt":"2026-04-07T15:11:00","guid":{"rendered":"https:\/\/www.ff-sarstedt.de\/stadt\/?post_type=einsatz&#038;p=30914"},"modified":"2026-04-08T14:15:19","modified_gmt":"2026-04-08T12:15:19","slug":"b3-wohnhausbrand","status":"publish","type":"einsatz","link":"https:\/\/www.ff-sarstedt.de\/stadt\/archive\/einsaetze\/b3-wohnhausbrand","title":{"rendered":"B3 &#8211; Wohnhausbrand"},"content":{"rendered":"\n<div><img loading=\"lazy\" decoding=\"async\" class=\"alignright size-full wp-image-30924\" src=\"https:\/\/www.ff-sarstedt.de\/stadt\/wp-content\/uploads\/2026\/04\/1000111578.jpg\" alt=\"\" width=\"1024\" height=\"768\" \/>Am 07. April um 17:11 Uhr wurde die Ortsfeuerwehr Sarstedt zu einer Alarmstufenerh\u00f6hung \u201eB3 \u2013 Wohnhausbrand\u201c mit dem Zusatz \u201ebrennt Werkstatt\u201c nach Bledeln nachalarmiert.<\/div>\n<div>\u00a0<\/div>\n<div>Vor Ort hatte die Ortsfeuerwehr Bledeln bereits ein Fachwerkhaus mit angrenzender Privatwerkstatt in Vollbrand vorgefunden, woraufhin das Einsatzstichwort umgehend erh\u00f6ht wurde.<\/div>\n<div>\u00a0<\/div>\n<div>Bei unserem Eintreffen erhielten wir den Auftrag, eine Riegelstellung aufzubauen, da das Feuer drohte, auf benachbarte Geb\u00e4ude \u00fcberzugreifen. Nach erfolgreichem Aufbau der Riegelstellung konnte die Drehleiter umgesetzt werden, um gezielt vereinzelte Glutnester abzul\u00f6schen.<\/div>\n<div>\u00a0<\/div>\n<div>In Zusammenarbeit mit der Drohneneinheit der DLRG Sarstedt konnten wir uns zudem einen umfassenden \u00dcberblick aus der Luft verschaffen.<\/div>\n<div>\u00a0<\/div>\n<div>Leider wurde das Geb\u00e4ude durch den Brand vollst\u00e4ndig zerst\u00f6rt.<\/div>\n<div>\u00a0<\/div>\n<div>Nach rund sechs Stunden Einsatz konnten wir mit unserem TLF und der DLAK wieder einr\u00fccken und die Einsatzbereitschaft herstellen.<\/div>\n<div>\u00a0<\/div>\n<div>Wir bedanken uns f\u00fcr die gute Zusammenarbeit mit den Feuerwehren der Gemeinde Algermissen sowie dem THW Sarstedt, der DLRG Sarstedt, der Polizei und dem Rettungsdienst.<\/div>\n<div>\u00a0<\/div>\n<div>Ein besonderer Dank gilt au\u00dferdem den Nachbarn, die uns bereits bei unserer Ankunft mit Getr\u00e4nken versorgt haben.<\/div>\n<div>\u00a0<\/div>\n<div>Zu der Brandursache machen wir keine Angaben.<\/div>\n<div>\u00a0<\/div>\n<div><img loading=\"lazy\" decoding=\"async\" class=\"alignright size-full wp-image-30922\" src=\"https:\/\/www.ff-sarstedt.de\/stadt\/wp-content\/uploads\/2026\/04\/IMG-20260408-WA0036.jpg\" alt=\"\" width=\"576\" height=\"768\" \/><\/div>\n<div><img loading=\"lazy\" decoding=\"async\" class=\"alignright size-full wp-image-30920\" src=\"https:\/\/www.ff-sarstedt.de\/stadt\/wp-content\/uploads\/2026\/04\/IMG-20260408-WA0035.jpg\" alt=\"\" width=\"576\" height=\"768\" \/><img loading=\"lazy\" decoding=\"async\" class=\"alignright size-full wp-image-30918\" src=\"https:\/\/www.ff-sarstedt.de\/stadt\/wp-content\/uploads\/2026\/04\/IMG-20260408-WA0033.jpg\" alt=\"\" width=\"1024\" height=\"768\" \/><img loading=\"lazy\" decoding=\"async\" class=\"alignright size-full wp-image-30919\" src=\"https:\/\/www.ff-sarstedt.de\/stadt\/wp-content\/uploads\/2026\/04\/IMG-20260408-WA0038.jpg\" alt=\"\" width=\"1024\" height=\"768\" \/><img loading=\"lazy\" decoding=\"async\" class=\"alignright size-full wp-image-30917\" src=\"https:\/\/www.ff-sarstedt.de\/stadt\/wp-content\/uploads\/2026\/04\/IMG-20260408-WA0034.jpg\" alt=\"\" width=\"1024\" height=\"768\" \/><img loading=\"lazy\" decoding=\"async\" class=\"alignright size-full wp-image-30916\" src=\"https:\/\/www.ff-sarstedt.de\/stadt\/wp-content\/uploads\/2026\/04\/IMG-20260408-WA0032.jpg\" alt=\"\" width=\"1024\" height=\"768\" \/><\/div>\n","protected":false},"author":28,"featured_media":30921,"template":"","meta":{"_monsterinsights_skip_tracking":false,"_monsterinsights_sitenote_active":false,"_monsterinsights_sitenote_note":"","_monsterinsights_sitenote_category":0,"einsatz_weight":1,"footnotes":""},"categories":[32,11,42,39,58,60,40],"tags":[858,557,569,538,537],"einsatzart":[682],"fahrzeug":[750,198,939,7],"exteinsatzmittel":[408,1117,352,362,968,1059,1114,420,334,693,374,766,1037],"alarmierungsart":[556,972,241],"evw_unit":[775,782],"class_list":["post-30914","einsatz","type-einsatz","status-publish","has-post-thumbnail","hentry","category-abteilung","category-brandeinsatz","category-einsatzabteilung","category-einsatz","category-ortsfeuerwehr","category-sarstedt","category-stadtfeuerwehr","tag-b3","tag-einsatz","tag-feuer","tag-ortsfeuerwehr-sarstedt","tag-sarstedt","einsatzart-wohnhausbrandgross","fahrzeug-dlak-3212gl","fahrzeug-feuerwehrhaus-sarstedt","fahrzeug-stbm-sarstedt","fahrzeug-tlf-1625-sarstedt","exteinsatzmittel-bagger-aus-hannover","exteinsatzmittel-dlrg-sarstedt-drohnengruppe","exteinsatzmittel-energieversorger-stromgaswasser","exteinsatzmittel-ff-algermissen","exteinsatzmittel-ff-groess-lobke","exteinsatzmittel-ff-luehnde","exteinsatzmittel-ff-ummeln","exteinsatzmittel-ff-waetzum","exteinsatzmittel-ftz-gr-duengen","exteinsatzmittel-polizei-sarstedt","exteinsatzmittel-rettungsdienst-sarstedt","exteinsatzmittel-stv-bal-nord","exteinsatzmittel-thw-sarstedt-baufachberater","alarmierungsart-1-gruppe-dme","alarmierungsart-dme-drehleiter-gruppe","alarmierungsart-tagalarm-sarstedt","evw_unit-of-sarstedt","evw_unit-stadtfeuerwehr-sarstedt"],"aioseo_notices":[],"_links":{"self":[{"href":"https:\/\/www.ff-sarstedt.de\/stadt\/wp-json\/wp\/v2\/einsatz\/30914","targetHints":{"allow":["GET"]}}],"collection":[{"href":"https:\/\/www.ff-sarstedt.de\/stadt\/wp-json\/wp\/v2\/einsatz"}],"about":[{"href":"https:\/\/www.ff-sarstedt.de\/stadt\/wp-json\/wp\/v2\/types\/einsatz"}],"author":[{"embeddable":true,"href":"https:\/\/www.ff-sarstedt.de\/stadt\/wp-json\/wp\/v2\/users\/28"}],"version-history":[{"count":3,"href":"https:\/\/www.ff-sarstedt.de\/stadt\/wp-json\/wp\/v2\/einsatz\/30914\/revisions"}],"predecessor-version":[{"id":30926,"href":"https:\/\/www.ff-sarstedt.de\/stadt\/wp-json\/wp\/v2\/einsatz\/30914\/revisions\/30926"}],"wp:featuredmedia":[{"embeddable":true,"href":"https:\/\/www.ff-sarstedt.de\/stadt\/wp-json\/wp\/v2\/media\/30921"}],"wp:attachment":[{"href":"https:\/\/www.ff-sarstedt.de\/stadt\/wp-json\/wp\/v2\/media?parent=30914"}],"wp:term":[{"taxonomy":"category","embeddable":true,"href":"https:\/\/www.ff-sarstedt.de\/stadt\/wp-json\/wp\/v2\/categories?post=30914"},{"taxonomy":"post_tag","embeddable":true,"href":"https:\/\/www.ff-sarstedt.de\/stadt\/wp-json\/wp\/v2\/tags?post=30914"},{"taxonomy":"einsatzart","embeddable":true,"href":"https:\/\/www.ff-sarstedt.de\/stadt\/wp-json\/wp\/v2\/einsatzart?post=30914"},{"taxonomy":"fahrzeug","embeddable":true,"href":"https:\/\/www.ff-sarstedt.de\/stadt\/wp-json\/wp\/v2\/fahrzeug?post=30914"},{"taxonomy":"exteinsatzmittel","embeddable":true,"href":"https:\/\/www.ff-sarstedt.de\/stadt\/wp-json\/wp\/v2\/exteinsatzmittel?post=30914"},{"taxonomy":"alarmierungsart","embeddable":true,"href":"https:\/\/www.ff-sarstedt.de\/stadt\/wp-json\/wp\/v2\/alarmierungsart?post=30914"},{"taxonomy":"evw_unit","embeddable":true,"href":"https:\/\/www.ff-sarstedt.de\/stadt\/wp-json\/wp\/v2\/evw_unit?post=30914"}],"curies":[{"name":"wp","href":"https:\/\/api.w.org\/{rel}","templated":true}]}}

<div><img loading="lazy" decoding="async" class="alignright size-full wp-image-30924" src="https://www.ff-sarstedt.de/stadt/wp-content/uploads/2026/04/1000111578.jpg" alt="" width="1024" height="768" />Am 07. April um 17:11 Uhr wurde die Ortsfeuerwehr Sarstedt zu einer Alarmstufenerhöhung „B3 – Wohnhausbrand“ mit dem Zusatz „brennt Werkstatt“ nach Bledeln nachalarmiert.</div>
<div> </div>
<div>Vor Ort hatte die Ortsfeuerwehr Bledeln bereits ein Fachwerkhaus mit angrenzender Privatwerkstatt in Vollbrand vorgefunden, woraufhin das Einsatzstichwort umgehend erhöht wurde.</div>
<div> </div>
<div>Bei unserem Eintreffen erhielten wir den Auftrag, eine Riegelstellung aufzubauen, da das Feuer drohte, auf benachbarte Gebäude überzugreifen. Nach erfolgreichem Aufbau der Riegelstellung konnte die Drehleiter umgesetzt werden, um gezielt vereinzelte Glutnester abzulöschen.</div>
<div> </div>
<div>In Zusammenarbeit mit der Drohneneinheit der DLRG Sarstedt konnten wir uns zudem einen umfassenden Überblick aus der Luft verschaffen.</div>
<div> </div>
<div>Leider wurde das Gebäude durch den Brand vollständig zerstört.</div>
<div> </div>
<div>Nach rund sechs Stunden Einsatz konnten wir mit unserem TLF und der DLAK wieder einrücken und die Einsatzbereitschaft herstellen.</div>
<div> </div>
<div>Wir bedanken uns für die gute Zusammenarbeit mit den Feuerwehren der Gemeinde Algermissen sowie dem THW Sarstedt, der DLRG Sarstedt, der Polizei und dem Rettungsdienst.</div>
<div> </div>
<div>Ein besonderer Dank gilt außerdem den Nachbarn, die uns bereits bei unserer Ankunft mit Getränken versorgt haben.</div>
<div> </div>
<div>Zu der Brandursache machen wir keine Angaben.</div>
<div> </div>
<div><img loading="lazy" decoding="async" class="alignright size-full wp-image-30922" src="https://www.ff-sarstedt.de/stadt/wp-content/uploads/2026/04/IMG-20260408-WA0036.jpg" alt="" width="576" height="768" /></div>
<div><img loading="lazy" decoding="async" class="alignright size-full wp-image-30920" src="https://www.ff-sarstedt.de/stadt/wp-content/uploads/2026/04/IMG-20260408-WA0035.jpg" alt="" width="576" height="768" /><img loading="lazy" decoding="async" class="alignright size-full wp-image-30918" src="https://www.ff-sarstedt.de/stadt/wp-content/uploads/2026/04/IMG-20260408-WA0033.jpg" alt="" width="1024" height="768" /><img loading="lazy" decoding="async" class="alignright size-full wp-image-30919" src="https://www.ff-sarstedt.de/stadt/wp-content/uploads/2026/04/IMG-20260408-WA0038.jpg" alt="" width="1024" height="768" /><img loading="lazy" decoding="async" class="alignright size-full wp-image-30917" src="https://www.ff-sarstedt.de/stadt/wp-content/uploads/2026/04/IMG-20260408-WA0034.jpg" alt="" width="1024" height="768" /><img loading="lazy" decoding="async" class="alignright size-full wp-image-30916" src="https://www.ff-sarstedt.de/stadt/wp-content/uploads/2026/04/IMG-20260408-WA0032.jpg" alt="" width="1024" height="768" /></div>
