{"id":12001,"date":"2016-05-07T19:46:34","date_gmt":"2016-05-07T17:46:34","guid":{"rendered":"http:\/\/www.ff-sarstedt.de\/stadt\/?page_id=12001"},"modified":"2016-05-07T19:46:34","modified_gmt":"2016-05-07T17:46:34","slug":"videos-grossuebung-db","status":"publish","type":"page","link":"https:\/\/www.ff-sarstedt.de\/stadt\/archiv\/videos-grossuebung-db","title":{"rendered":"Videos Gro\u00df\u00fcbung DB"},"content":{"rendered":"<p class=\"entry-title\">Gro\u00df\u00fcbung an den Giftener Seen \u0096 Zugungl\u00fcck mit \u00fcber 100 Verletzten am 29.09.2014<\/p>\n<div class=\"t4p-youtube\" style=\"max-width:600px;max-height:350px;\"><div class=\"video-shortcode\"><iframe loading=\"lazy\" title=\"YouTube video player\" src=\"https:\/\/www.youtube.com\/embed\/KO-7fo2Y62w?wmode=transparent\" width=\"600\" height=\"350\" frameborder=\"0\" allowfullscreen><\/iframe><\/div><\/div>\n<div class=\"t4p-youtube\" style=\"max-width:600px;max-height:350px;\"><div class=\"video-shortcode\"><iframe loading=\"lazy\" title=\"YouTube video player\" src=\"https:\/\/www.youtube.com\/embed\/PTWpEdbFKsc?wmode=transparent\" width=\"600\" height=\"350\" frameborder=\"0\" allowfullscreen><\/iframe><\/div><\/div>\n<div class=\"t4p-youtube\" style=\"max-width:600px;max-height:350px;\"><div class=\"video-shortcode\"><iframe loading=\"lazy\" title=\"YouTube video player\" src=\"https:\/\/www.youtube.com\/embed\/khqAjQ6Q9PA?wmode=transparent\" width=\"600\" height=\"350\" frameborder=\"0\" allowfullscreen><\/iframe><\/div><\/div>\n<p><a href=\"https:\/\/www.ff-sarstedt.de\/stadt\/archive\/10371\">der vollst\u00e4ndige Beitrag<\/a><\/p>\n","protected":false},"excerpt":{"rendered":"<p>Gro\u00df\u00fcbung an den Giftener Seen \u0096 Zugungl\u00fcck mit \u00fcber 100 Verletzten am 29.09.2014 der vollst\u00e4ndige Beitrag<\/p>\n","protected":false},"author":1,"featured_media":0,"parent":8839,"menu_order":0,"comment_status":"closed","ping_status":"closed","template":"side-navigation.php","meta":{"_monsterinsights_skip_tracking":false,"_monsterinsights_sitenote_active":false,"_monsterinsights_sitenote_note":"","_monsterinsights_sitenote_category":0,"footnotes":""},"class_list":["post-12001","page","type-page","status-publish","hentry"],"aioseo_notices":[],"_links":{"self":[{"href":"https:\/\/www.ff-sarstedt.de\/stadt\/wp-json\/wp\/v2\/pages\/12001","targetHints":{"allow":["GET"]}}],"collection":[{"href":"https:\/\/www.ff-sarstedt.de\/stadt\/wp-json\/wp\/v2\/pages"}],"about":[{"href":"https:\/\/www.ff-sarstedt.de\/stadt\/wp-json\/wp\/v2\/types\/page"}],"author":[{"embeddable":true,"href":"https:\/\/www.ff-sarstedt.de\/stadt\/wp-json\/wp\/v2\/users\/1"}],"replies":[{"embeddable":true,"href":"https:\/\/www.ff-sarstedt.de\/stadt\/wp-json\/wp\/v2\/comments?post=12001"}],"version-history":[{"count":0,"href":"https:\/\/www.ff-sarstedt.de\/stadt\/wp-json\/wp\/v2\/pages\/12001\/revisions"}],"up":[{"embeddable":true,"href":"https:\/\/www.ff-sarstedt.de\/stadt\/wp-json\/wp\/v2\/pages\/8839"}],"wp:attachment":[{"href":"https:\/\/www.ff-sarstedt.de\/stadt\/wp-json\/wp\/v2\/media?parent=12001"}],"curies":[{"name":"wp","href":"https:\/\/api.w.org\/{rel}","templated":true}]}}