{"id":12703,"date":"2016-07-16T21:41:14","date_gmt":"2016-07-16T19:41:14","guid":{"rendered":"http:\/\/www.ff-sarstedt.de\/stadt\/?page_id=12703"},"modified":"2020-11-08T00:47:49","modified_gmt":"2020-11-07T23:47:49","slug":"feuerwehrhaus","status":"publish","type":"page","link":"https:\/\/www.ff-sarstedt.de\/stadt\/schliekum\/technik\/feuerwehrhaus","title":{"rendered":"Feuerwehrhaus Schliekum"},"content":{"rendered":"<p>Das Feuerwehrhaus verf\u00fcgt \u00fcber zwei Stellpl\u00e4tze sowie einen Unterrichtsraum.<\/p>\n<h3>Anschrift<\/h3>\n<p>Pattenser Stra\u00dfe 1A<br \/>\n31157 Sarstedt<\/p>\n<h3>Technische Daten<\/h3>\n<p>Rufname: 11\/00\/32\/1<\/p>\n\n","protected":false},"excerpt":{"rendered":"<p>Das Feuerwehrhaus verf\u00fcgt \u00fcber zwei Stellpl\u00e4tze sowie einen Unterrichtsraum. Anschrift Pattenser Stra\u00dfe 1A 31157 Sarstedt Technische Daten Rufname: 11\/00\/32\/1<\/p>\n","protected":false},"author":19,"featured_media":8615,"parent":12706,"menu_order":21,"comment_status":"closed","ping_status":"closed","template":"side-navigation.php","meta":{"_monsterinsights_skip_tracking":false,"_monsterinsights_sitenote_active":false,"_monsterinsights_sitenote_note":"","_monsterinsights_sitenote_category":0,"footnotes":""},"class_list":["post-12703","page","type-page","status-publish","has-post-thumbnail","hentry"],"aioseo_notices":[],"_links":{"self":[{"href":"https:\/\/www.ff-sarstedt.de\/stadt\/wp-json\/wp\/v2\/pages\/12703","targetHints":{"allow":["GET"]}}],"collection":[{"href":"https:\/\/www.ff-sarstedt.de\/stadt\/wp-json\/wp\/v2\/pages"}],"about":[{"href":"https:\/\/www.ff-sarstedt.de\/stadt\/wp-json\/wp\/v2\/types\/page"}],"author":[{"embeddable":true,"href":"https:\/\/www.ff-sarstedt.de\/stadt\/wp-json\/wp\/v2\/users\/19"}],"replies":[{"embeddable":true,"href":"https:\/\/www.ff-sarstedt.de\/stadt\/wp-json\/wp\/v2\/comments?post=12703"}],"version-history":[{"count":0,"href":"https:\/\/www.ff-sarstedt.de\/stadt\/wp-json\/wp\/v2\/pages\/12703\/revisions"}],"up":[{"embeddable":true,"href":"https:\/\/www.ff-sarstedt.de\/stadt\/wp-json\/wp\/v2\/pages\/12706"}],"wp:featuredmedia":[{"embeddable":true,"href":"https:\/\/www.ff-sarstedt.de\/stadt\/wp-json\/wp\/v2\/media\/8615"}],"wp:attachment":[{"href":"https:\/\/www.ff-sarstedt.de\/stadt\/wp-json\/wp\/v2\/media?parent=12703"}],"curies":[{"name":"wp","href":"https:\/\/api.w.org\/{rel}","templated":true}]}}