{"id":1570,"date":"2015-06-21T20:38:07","date_gmt":"2015-06-21T18:38:07","guid":{"rendered":"http:\/\/www.ff-sarstedt.de\/stadt\/?page_id=1570"},"modified":"2018-01-20T22:29:52","modified_gmt":"2018-01-20T21:29:52","slug":"kinderfeuerwehr","status":"publish","type":"page","link":"https:\/\/www.ff-sarstedt.de\/stadt\/schliekum\/kinderfeuerwehr","title":{"rendered":"Kinderfeuerwehr"},"content":{"rendered":"<h2>Herzlich Willkommen bei den T\u00fcTa-Kids!<\/h2>\n<p>Wir sind die Kinderfeuerwehr der Ortsfeuerwehr Schliekum und bestehen seit dem Jahr 2000.<\/p>\n<p>Um Dir einen kurzen \u00dcberblick \u00fcber uns zu geben, wollen wir uns kurz vorstellen. Als Hilfe daf\u00fcr dienen uns die 5-W-Fragen, die Dir auch bei einem Notruf behilflich sind.<\/p>\n<h3>WER?<\/h3>\n<p>Verantwortlich f\u00fcr die T\u00fcTa-Kids sind Jacqueline Schweinebart\u00a0und Birgit Brinkmann. Falls Du Fragen hast, kannst du dich gerne jederzeit bei den Beiden melden.<\/p>\n<h3>WO?<\/h3>\n<p>Unser zu Hause ist das Feuerwehrhaus in Schliekum.<\/p>\n<h3>WAS?<\/h3>\n<p>Bei der Kinderfeuerwehr lernst Du spielerisch die Arbeit der Feuerwehr kennen. Im Sommer sind wir viel drau\u00dfen unterwegs und besch\u00e4ftigen uns rund um das Feuerwehrauto. Die kalte Jahreszeit nutzen wir, um kreativ zu werden (nat\u00fcrlich alles mit Bezug zur Feuerwehr).<\/p>\n<h3>WANN?<\/h3>\n<p>Wir treffen uns jeden ersten Mittwoch im Monat von 17:00 bis 18:15 Uhr.<\/p>\n<h3>WIE?<\/h3>\n<p>Wenn wir Dein Interesse geweckt haben, kannst Du gerne mal vorbeikommen und einfach mal bei uns reinschnuppern. Und wenn es Dir bei uns gef\u00e4llt, kannst du gerne kostenlos Mitglied werden.<\/p>\n<h3>WIE VIELE?<\/h3>\n<p>Derzeit bestehen wir aus 19 T\u00fcTa-Kids zwischen 6 und 10 Jahren.<\/p>\n<p>&nbsp;<\/p>\n<h3>Ansprechpartner<\/h3>\n<table style=\"height: 195px;\" width=\"550\">\n<tbody>\n<tr>\n<td width=\"125\"><span style=\"color: #000000;\"><a style=\"color: #000000;\" href=\"https:\/\/www.ff-sarstedt.de\/stadt\/wp-content\/uploads\/2015\/04\/male.png\" rel=\"lightbox[1570]\"><img loading=\"lazy\" decoding=\"async\" class=\"alignleft wp-image-1210\" src=\"https:\/\/www.ff-sarstedt.de\/stadt\/wp-content\/uploads\/2015\/04\/male.png\" alt=\"\" width=\"150\" height=\"150\" \/><\/a><\/span><\/td>\n<td style=\"vertical-align: top;\">\n<h2><span style=\"color: #000000;\"><b>Kinder<\/b><b>feuerwehrwartin<\/b><\/span><\/h2>\n<p><span style=\"color: #000000;\">Jacqueline Schweinebart<\/span><\/td>\n<\/tr>\n<\/tbody>\n<\/table>\n<table style=\"height: 195px;\" width=\"550\">\n<tbody>\n<tr>\n<td width=\"125\"><span style=\"color: #000000;\"><a style=\"color: #000000;\" href=\"https:\/\/www.ff-sarstedt.de\/stadt\/wp-content\/uploads\/2015\/04\/male.png\" rel=\"lightbox[1570]\"><img loading=\"lazy\" decoding=\"async\" class=\"alignleft wp-image-1210\" src=\"https:\/\/www.ff-sarstedt.de\/stadt\/wp-content\/uploads\/2015\/04\/male.png\" alt=\"\" width=\"150\" height=\"150\" \/><\/a><\/span><\/td>\n<td style=\"vertical-align: top;\">\n<h2><span style=\"color: #000000;\"><b>stv. Kinder<\/b><b>feuerwehrwartin<\/b><\/span><\/h2>\n<p><span style=\"color: #000000;\">Birgit Brinkmann<\/span><\/td>\n<\/tr>\n<\/tbody>\n<\/table>\n<table style=\"height: 195px;\" width=\"550\">\n<tbody>\n<tr>\n<td width=\"125\"><img loading=\"lazy\" decoding=\"async\" class=\"alignnone size-medium wp-image-12207\" src=\"https:\/\/www.ff-sarstedt.de\/stadt\/wp-content\/uploads\/2016\/05\/WP_20160506_19_16_58_Pro-169x300.jpg\" alt=\"WP_20160506_19_16_58_Pro\" width=\"169\" height=\"300\" \/><\/td>\n<td style=\"vertical-align: top;\">\n<h2><span style=\"color: #000000;\"><b>Maskottchen T\u00fcTa-Kids<\/b><\/span><\/h2>\n<p><span style=\"color: #000000;\">L\u00f6schi<\/span><\/td>\n<\/tr>\n<\/tbody>\n<\/table>\n<p>&nbsp;<\/p>\n<p>&nbsp;<\/p>\n","protected":false},"excerpt":{"rendered":"<p>Herzlich Willkommen bei den T\u00fcTa-Kids! Wir sind die Kinderfeuerwehr der Ortsfeuerwehr Schliekum und bestehen seit dem Jahr 2000. Um Dir einen kurzen \u00dcberblick \u00fcber uns zu geben, wollen wir uns kurz vorstellen. Als Hilfe daf\u00fcr dienen uns die 5-W-Fragen, die Dir auch bei einem Notruf behilflich sind. WER? Verantwortlich f\u00fcr die T\u00fcTa-Kids sind Jacqueline Schweinebart\u00a0und [&hellip;]<\/p>\n","protected":false},"author":5,"featured_media":0,"parent":52,"menu_order":49,"comment_status":"closed","ping_status":"closed","template":"side-navigation.php","meta":{"_monsterinsights_skip_tracking":false,"_monsterinsights_sitenote_active":false,"_monsterinsights_sitenote_note":"","_monsterinsights_sitenote_category":0,"footnotes":""},"class_list":["post-1570","page","type-page","status-publish","hentry"],"aioseo_notices":[],"_links":{"self":[{"href":"https:\/\/www.ff-sarstedt.de\/stadt\/wp-json\/wp\/v2\/pages\/1570","targetHints":{"allow":["GET"]}}],"collection":[{"href":"https:\/\/www.ff-sarstedt.de\/stadt\/wp-json\/wp\/v2\/pages"}],"about":[{"href":"https:\/\/www.ff-sarstedt.de\/stadt\/wp-json\/wp\/v2\/types\/page"}],"author":[{"embeddable":true,"href":"https:\/\/www.ff-sarstedt.de\/stadt\/wp-json\/wp\/v2\/users\/5"}],"replies":[{"embeddable":true,"href":"https:\/\/www.ff-sarstedt.de\/stadt\/wp-json\/wp\/v2\/comments?post=1570"}],"version-history":[{"count":0,"href":"https:\/\/www.ff-sarstedt.de\/stadt\/wp-json\/wp\/v2\/pages\/1570\/revisions"}],"up":[{"embeddable":true,"href":"https:\/\/www.ff-sarstedt.de\/stadt\/wp-json\/wp\/v2\/pages\/52"}],"wp:attachment":[{"href":"https:\/\/www.ff-sarstedt.de\/stadt\/wp-json\/wp\/v2\/media?parent=1570"}],"curies":[{"name":"wp","href":"https:\/\/api.w.org\/{rel}","templated":true}]}}