{"id":15952,"date":"2017-09-14T15:31:08","date_gmt":"2017-09-14T13:31:08","guid":{"rendered":"http:\/\/www.ff-sarstedt.de\/stadt\/?page_id=15952"},"modified":"2017-09-14T15:40:35","modified_gmt":"2017-09-14T13:40:35","slug":"chronik-einsatzabteilung","status":"publish","type":"page","link":"https:\/\/www.ff-sarstedt.de\/stadt\/schliekum\/wir-ueber-uns\/chronik-einsatzabteilung","title":{"rendered":"Chronik Einsatzabteilung"},"content":{"rendered":"<p>Die Chronik gibt einen \u00dcberblick \u00fcber die Ortsfeuerwehr seit der Gr\u00fcndung im Jahr 1902.<\/p>\n<div id=\"ccchildpages-1\" class=\"ccchildpages ccflex twocol cc-child ccclearfix\"><div class=\"ccchildpage  ccfirst ccodd ccpage-count-1 ccpage-id-7110 ccpage-chronik ccpage-has-parent ccpage-pid-15952 ccpage-parent-chronik-einsatzabteilung\"><h3 class=\"ccpage_title\" title=\"1902 bis 2002\">1902 bis 2002<\/h3><div class=\"ccpages_excerpt\">Chronik...<\/div><p class=\"ccpages_more\"><a href=\"https:\/\/www.ff-sarstedt.de\/stadt\/schliekum\/wir-ueber-uns\/chronik-einsatzabteilung\/chronik\"  title=\"weiterlesen...\">weiterlesen...<\/a><\/p><\/div><div class=\"ccchildpage  cclast cceven ccpage-count-2 ccpage-id-15090 ccpage-2003-bis-2008 ccpage-has-parent ccpage-pid-15952 ccpage-parent-chronik-einsatzabteilung\"><h3 class=\"ccpage_title\" title=\"2003 bis 2019\">2003 bis 2019<\/h3><div class=\"ccpages_excerpt\">Chronik...<\/div><p class=\"ccpages_more\"><a href=\"https:\/\/www.ff-sarstedt.de\/stadt\/schliekum\/wir-ueber-uns\/chronik-einsatzabteilung\/2003-bis-2008\"  title=\"weiterlesen...\">weiterlesen...<\/a><\/p><\/div><div class=\"ccchildpage  ccfirst ccodd ccpage-count-3 ccpage-id-22137 ccpage-ab-2020 ccpage-has-parent ccpage-pid-15952 ccpage-parent-chronik-einsatzabteilung\"><h3 class=\"ccpage_title\" title=\"ab 2020\">ab 2020<\/h3><div class=\"ccpages_excerpt\">Chronik...<\/div><p class=\"ccpages_more\"><a href=\"https:\/\/www.ff-sarstedt.de\/stadt\/schliekum\/wir-ueber-uns\/chronik-einsatzabteilung\/ab-2020\"  title=\"weiterlesen...\">weiterlesen...<\/a><\/p><\/div><\/div>\n","protected":false},"excerpt":{"rendered":"<p>Die Chronik gibt einen \u00dcberblick \u00fcber die Ortsfeuerwehr seit der Gr\u00fcndung im Jahr 1902.<\/p>\n","protected":false},"author":19,"featured_media":0,"parent":1714,"menu_order":26,"comment_status":"closed","ping_status":"closed","template":"side-navigation.php","meta":{"_monsterinsights_skip_tracking":false,"_monsterinsights_sitenote_active":false,"_monsterinsights_sitenote_note":"","_monsterinsights_sitenote_category":0,"footnotes":""},"class_list":["post-15952","page","type-page","status-publish","hentry"],"aioseo_notices":[],"_links":{"self":[{"href":"https:\/\/www.ff-sarstedt.de\/stadt\/wp-json\/wp\/v2\/pages\/15952","targetHints":{"allow":["GET"]}}],"collection":[{"href":"https:\/\/www.ff-sarstedt.de\/stadt\/wp-json\/wp\/v2\/pages"}],"about":[{"href":"https:\/\/www.ff-sarstedt.de\/stadt\/wp-json\/wp\/v2\/types\/page"}],"author":[{"embeddable":true,"href":"https:\/\/www.ff-sarstedt.de\/stadt\/wp-json\/wp\/v2\/users\/19"}],"replies":[{"embeddable":true,"href":"https:\/\/www.ff-sarstedt.de\/stadt\/wp-json\/wp\/v2\/comments?post=15952"}],"version-history":[{"count":1,"href":"https:\/\/www.ff-sarstedt.de\/stadt\/wp-json\/wp\/v2\/pages\/15952\/revisions"}],"predecessor-version":[{"id":29553,"href":"https:\/\/www.ff-sarstedt.de\/stadt\/wp-json\/wp\/v2\/pages\/15952\/revisions\/29553"}],"up":[{"embeddable":true,"href":"https:\/\/www.ff-sarstedt.de\/stadt\/wp-json\/wp\/v2\/pages\/1714"}],"wp:attachment":[{"href":"https:\/\/www.ff-sarstedt.de\/stadt\/wp-json\/wp\/v2\/media?parent=15952"}],"curies":[{"name":"wp","href":"https:\/\/api.w.org\/{rel}","templated":true}]}}

<p>Die Chronik gibt einen Überblick über die Ortsfeuerwehr seit der Gründung im Jahr 1902.</p>
<div id="ccchildpages-1" class="ccchildpages ccflex twocol cc-child ccclearfix"><div class="ccchildpage  ccfirst ccodd ccpage-count-1 ccpage-id-7110 ccpage-chronik ccpage-has-parent ccpage-pid-15952 ccpage-parent-chronik-einsatzabteilung"><h3 class="ccpage_title" title="1902 bis 2002">1902 bis 2002</h3><div class="ccpages_excerpt">Chronik...</div><p class="ccpages_more"><a href="https://www.ff-sarstedt.de/stadt/schliekum/wir-ueber-uns/chronik-einsatzabteilung/chronik"  title="weiterlesen...">weiterlesen...</a></p></div><div class="ccchildpage  cclast cceven ccpage-count-2 ccpage-id-15090 ccpage-2003-bis-2008 ccpage-has-parent ccpage-pid-15952 ccpage-parent-chronik-einsatzabteilung"><h3 class="ccpage_title" title="2003 bis 2019">2003 bis 2019</h3><div class="ccpages_excerpt">Chronik...</div><p class="ccpages_more"><a href="https://www.ff-sarstedt.de/stadt/schliekum/wir-ueber-uns/chronik-einsatzabteilung/2003-bis-2008"  title="weiterlesen...">weiterlesen...</a></p></div><div class="ccchildpage  ccfirst ccodd ccpage-count-3 ccpage-id-22137 ccpage-ab-2020 ccpage-has-parent ccpage-pid-15952 ccpage-parent-chronik-einsatzabteilung"><h3 class="ccpage_title" title="ab 2020">ab 2020</h3><div class="ccpages_excerpt">Chronik...</div><p class="ccpages_more"><a href="https://www.ff-sarstedt.de/stadt/schliekum/wir-ueber-uns/chronik-einsatzabteilung/ab-2020"  title="weiterlesen...">weiterlesen...</a></p></div></div>

<p>Die Chronik gibt einen Überblick über die Ortsfeuerwehr seit der Gründung im Jahr 1902.</p>
