{"id":1640,"date":"2015-06-22T16:22:47","date_gmt":"2015-06-22T14:22:47","guid":{"rendered":"http:\/\/www.ff-sarstedt.de\/stadt\/stadtbrandschutzerziehung\/"},"modified":"2026-03-18T22:03:52","modified_gmt":"2026-03-18T21:03:52","slug":"stadtbrandschutzerziehung","status":"publish","type":"page","link":"https:\/\/www.ff-sarstedt.de\/stadt\/stadt-fw\/stadtbrandschutzerziehung","title":{"rendered":"Brandschutzerziehung"},"content":{"rendered":"<p>Ob Schulen, Kinderg\u00e4rten oder Ferienpassaktionen &#8211; die Brandschutzerzieher der Stadtfeuerwehr sind speziell f\u00fcr diese Aufgaben ausgebildet. Sie gehen in die Schulklassen, besuchen Kinderg\u00e4rten, um das Thema Brandschutz anschaulich und altersgerecht zu vermitteln, f\u00fchren Experimente zum Thema Feuer durch und nehmen die Kinder auf eine Reise durch die Geschichte der Feuerwehr mit. Eine Besichtigung im Feuerwehrhaus geh\u00f6rt nat\u00fcrlich auch dazu.<\/p>\n<div class=\"ueberschrift_2\">Ansprechpartner:<\/div>\n<table>\n<tbody>\n<tr>\n<td width=\"200\">\u00a0<\/td>\n<td style=\"vertical-align: top;\">\n<h2><b>Stephan Wehling<\/b><\/h2>\n<p>Jeinser Weg 14<br \/>Tel.: 0170 &#8211; 5345118<br \/>E-mail: <a href=\"mailto:brandschutzerziehung@ff-sarstedt.de\">brandschutzerziehung@ff-sarstedt.de<\/a><\/p>\n<\/td>\n<\/tr>\n<\/tbody>\n<\/table>\n<table>\n<tbody>\n<tr>\n<td width=\"200\">\u00a0<\/td>\n<td style=\"vertical-align: top;\">\u00a0<\/td>\n<\/tr>\n<\/tbody>\n<\/table>\n\n","protected":false},"excerpt":{"rendered":"<p>Ob Schulen, Kinderg\u00e4rten oder Ferienpassaktionen &#8211; die Brandschutzerzieher der Stadtfeuerwehr sind speziell f\u00fcr diese Aufgaben ausgebildet. Sie gehen in die Schulklassen, besuchen Kinderg\u00e4rten, um das Thema Brandschutz anschaulich und altersgerecht zu vermitteln, f\u00fchren Experimente zum Thema Feuer durch und nehmen die Kinder auf eine Reise durch die Geschichte der Feuerwehr mit. Eine Besichtigung im Feuerwehrhaus [&hellip;]<\/p>\n","protected":false},"author":1,"featured_media":8272,"parent":625,"menu_order":0,"comment_status":"closed","ping_status":"open","template":"side-navigation.php","meta":{"_monsterinsights_skip_tracking":false,"_monsterinsights_sitenote_active":false,"_monsterinsights_sitenote_note":"","_monsterinsights_sitenote_category":0,"footnotes":""},"class_list":["post-1640","page","type-page","status-publish","has-post-thumbnail","hentry"],"aioseo_notices":[],"_links":{"self":[{"href":"https:\/\/www.ff-sarstedt.de\/stadt\/wp-json\/wp\/v2\/pages\/1640","targetHints":{"allow":["GET"]}}],"collection":[{"href":"https:\/\/www.ff-sarstedt.de\/stadt\/wp-json\/wp\/v2\/pages"}],"about":[{"href":"https:\/\/www.ff-sarstedt.de\/stadt\/wp-json\/wp\/v2\/types\/page"}],"author":[{"embeddable":true,"href":"https:\/\/www.ff-sarstedt.de\/stadt\/wp-json\/wp\/v2\/users\/1"}],"replies":[{"embeddable":true,"href":"https:\/\/www.ff-sarstedt.de\/stadt\/wp-json\/wp\/v2\/comments?post=1640"}],"version-history":[{"count":1,"href":"https:\/\/www.ff-sarstedt.de\/stadt\/wp-json\/wp\/v2\/pages\/1640\/revisions"}],"predecessor-version":[{"id":30865,"href":"https:\/\/www.ff-sarstedt.de\/stadt\/wp-json\/wp\/v2\/pages\/1640\/revisions\/30865"}],"up":[{"embeddable":true,"href":"https:\/\/www.ff-sarstedt.de\/stadt\/wp-json\/wp\/v2\/pages\/625"}],"wp:featuredmedia":[{"embeddable":true,"href":"https:\/\/www.ff-sarstedt.de\/stadt\/wp-json\/wp\/v2\/media\/8272"}],"wp:attachment":[{"href":"https:\/\/www.ff-sarstedt.de\/stadt\/wp-json\/wp\/v2\/media?parent=1640"}],"curies":[{"name":"wp","href":"https:\/\/api.w.org\/{rel}","templated":true}]}}