{"id":1668,"date":"2015-06-22T17:46:11","date_gmt":"2015-06-22T15:46:11","guid":{"rendered":"http:\/\/www.ff-sarstedt.de\/stadt\/giften\/technik\/"},"modified":"2024-02-25T21:38:53","modified_gmt":"2024-02-25T20:38:53","slug":"technik","status":"publish","type":"page","link":"https:\/\/www.ff-sarstedt.de\/stadt\/giften\/technik","title":{"rendered":"Technik"},"content":{"rendered":"<div id=\"ccchildpages-1\" class=\"ccchildpages ccflex twocol cc-child ccclearfix\"><div class=\"ccchildpage  ccfirst ccodd ccpage-count-1 ccpage-id-426 ccpage-lf-86-giften ccpage-has-parent ccpage-pid-1668 ccpage-parent-technik\"><h3 class=\"ccpage_title\" title=\"LF 8\/6 Giften\">LF 8\/6 Giften<\/h3><div class=\"ccpages_excerpt\">Die Ortsfeuerwehr Giften geh\u00f6rt zum 3. L\u00f6schzug der Stadt Sarstedt. Weiterhin ist der 3. Zug als Dekontaminationseinheit f\u00fcr den Brandschutzabschnitt...<\/div><p class=\"ccpages_more\"><a href=\"https:\/\/www.ff-sarstedt.de\/stadt\/giften\/technik\/lf-86-giften\"  title=\"weiterlesen...\">weiterlesen...<\/a><\/p><\/div><div class=\"ccchildpage  cclast cceven ccpage-count-2 ccpage-id-6837 ccpage-feuerwehrhaus ccpage-has-parent ccpage-pid-1668 ccpage-parent-technik\"><h3 class=\"ccpage_title\" title=\"Feuerwehrhaus\">Feuerwehrhaus<\/h3><div class=\"ccpages_excerpt\">Das Feuerwehrhaus der Ortschaft Giften befindet sich im Vierpa\u00df 13 und wurde am 01.05.2021 bezogen. . Es wurde 2020-2021 nach...<\/div><p class=\"ccpages_more\"><a href=\"https:\/\/www.ff-sarstedt.de\/stadt\/giften\/technik\/feuerwehrhaus\"  title=\"weiterlesen...\">weiterlesen...<\/a><\/p><\/div><\/div>\n","protected":false},"excerpt":{"rendered":"","protected":false},"author":8,"featured_media":6796,"parent":48,"menu_order":47,"comment_status":"closed","ping_status":"open","template":"side-navigation.php","meta":{"_monsterinsights_skip_tracking":false,"_monsterinsights_sitenote_active":false,"_monsterinsights_sitenote_note":"","_monsterinsights_sitenote_category":0,"footnotes":""},"class_list":["post-1668","page","type-page","status-publish","has-post-thumbnail","hentry"],"aioseo_notices":[],"_links":{"self":[{"href":"https:\/\/www.ff-sarstedt.de\/stadt\/wp-json\/wp\/v2\/pages\/1668","targetHints":{"allow":["GET"]}}],"collection":[{"href":"https:\/\/www.ff-sarstedt.de\/stadt\/wp-json\/wp\/v2\/pages"}],"about":[{"href":"https:\/\/www.ff-sarstedt.de\/stadt\/wp-json\/wp\/v2\/types\/page"}],"author":[{"embeddable":true,"href":"https:\/\/www.ff-sarstedt.de\/stadt\/wp-json\/wp\/v2\/users\/8"}],"replies":[{"embeddable":true,"href":"https:\/\/www.ff-sarstedt.de\/stadt\/wp-json\/wp\/v2\/comments?post=1668"}],"version-history":[{"count":1,"href":"https:\/\/www.ff-sarstedt.de\/stadt\/wp-json\/wp\/v2\/pages\/1668\/revisions"}],"predecessor-version":[{"id":28395,"href":"https:\/\/www.ff-sarstedt.de\/stadt\/wp-json\/wp\/v2\/pages\/1668\/revisions\/28395"}],"up":[{"embeddable":true,"href":"https:\/\/www.ff-sarstedt.de\/stadt\/wp-json\/wp\/v2\/pages\/48"}],"wp:featuredmedia":[{"embeddable":true,"href":"https:\/\/www.ff-sarstedt.de\/stadt\/wp-json\/wp\/v2\/media\/6796"}],"wp:attachment":[{"href":"https:\/\/www.ff-sarstedt.de\/stadt\/wp-json\/wp\/v2\/media?parent=1668"}],"curies":[{"name":"wp","href":"https:\/\/api.w.org\/{rel}","templated":true}]}}