{"id":1714,"date":"2015-06-22T18:26:57","date_gmt":"2015-06-22T16:26:57","guid":{"rendered":"http:\/\/www.ff-sarstedt.de\/stadt\/schliekum\/wir-ueber-uns\/"},"modified":"2025-02-15T23:54:23","modified_gmt":"2025-02-15T22:54:23","slug":"wir-ueber-uns","status":"publish","type":"page","link":"https:\/\/www.ff-sarstedt.de\/stadt\/schliekum\/wir-ueber-uns","title":{"rendered":"Wir \u00fcber uns"},"content":{"rendered":"<p>Die Ortsfeuerwehr Schliekum geh\u00f6rt zum 3. L\u00f6schzug der Stadt Sarstedt. Weiterhin ist der 3. Zug als Teil der Gemeindlichen Gefahrgutgruppe f\u00fcr die Dekontamination bei CBRN-Eins\u00e4tzen in der Stadt Sarstedt zust\u00e4ndig.<\/p>\n<div id=\"ccchildpages-1\" class=\"ccchildpages ccflex onecol cc-child ccclearfix\"><div class=\"ccchildpage  ccodd ccpage-count-1 ccpage-id-8734 ccpage-ortsbrandmeister ccpage-has-parent ccpage-pid-1714 ccpage-parent-wir-ueber-uns\"><h3 class=\"ccpage_title\" title=\"Ortsbrandmeister\">Ortsbrandmeister<\/h3><div class=\"ccpages_excerpt\">Die Hauptm\u00e4nner bzw. Ortsbrandmeister der...<\/div><p class=\"ccpages_more\"><a href=\"https:\/\/www.ff-sarstedt.de\/stadt\/schliekum\/wir-ueber-uns\/ortsbrandmeister\"  title=\"weiterlesen...\">weiterlesen...<\/a><\/p><\/div><div class=\"ccchildpage  cceven ccpage-count-2 ccpage-id-8755 ccpage-jugendfeuerwehrwarte ccpage-has-parent ccpage-pid-1714 ccpage-parent-wir-ueber-uns\"><h3 class=\"ccpage_title\" title=\"Jugendfeuerwehrwarte\">Jugendfeuerwehrwarte<\/h3><div class=\"ccpages_excerpt\">Die Jugendfeuerwehrwarte seit der Gr\u00fcndung...<\/div><p class=\"ccpages_more\"><a href=\"https:\/\/www.ff-sarstedt.de\/stadt\/schliekum\/wir-ueber-uns\/jugendfeuerwehrwarte\"  title=\"weiterlesen...\">weiterlesen...<\/a><\/p><\/div><div class=\"ccchildpage  ccodd ccpage-count-3 ccpage-id-29556 ccpage-feuerwehrfahne ccpage-has-parent ccpage-pid-1714 ccpage-parent-wir-ueber-uns\"><h3 class=\"ccpage_title\" title=\"Feuerwehrfahne\">Feuerwehrfahne<\/h3><img loading=\"lazy\" decoding=\"async\" width=\"300\" height=\"200\" src=\"https:\/\/www.ff-sarstedt.de\/stadt\/wp-content\/uploads\/2025\/02\/IMG_6023-300x200.jpg\" class=\"cc-child-pages-thumb wp-post-image\" alt=\"Feuerwehrfahne\" title=\"Feuerwehrfahne\" \/><div class=\"ccpages_excerpt\">122 Jahre nach der Gr\u00fcndung...<\/div><p class=\"ccpages_more\"><a href=\"https:\/\/www.ff-sarstedt.de\/stadt\/schliekum\/wir-ueber-uns\/feuerwehrfahne\"  title=\"weiterlesen...\">weiterlesen...<\/a><\/p><\/div><div class=\"ccchildpage  cceven ccpage-count-4 ccpage-id-15952 ccpage-chronik-einsatzabteilung ccpage-has-parent ccpage-pid-1714 ccpage-parent-wir-ueber-uns\"><h3 class=\"ccpage_title\" title=\"Chronik Einsatzabteilung\">Chronik Einsatzabteilung<\/h3><div class=\"ccpages_excerpt\">Die Chronik gibt einen \u00dcberblick...<\/div><p class=\"ccpages_more\"><a href=\"https:\/\/www.ff-sarstedt.de\/stadt\/schliekum\/wir-ueber-uns\/chronik-einsatzabteilung\"  title=\"weiterlesen...\">weiterlesen...<\/a><\/p><\/div><div class=\"ccchildpage  ccodd ccpage-count-5 ccpage-id-1962 ccpage-chronik-2 ccpage-has-parent ccpage-pid-1714 ccpage-parent-wir-ueber-uns\"><h3 class=\"ccpage_title\" title=\"Chronik Jugendfeuerwehr\">Chronik Jugendfeuerwehr<\/h3><div class=\"ccpages_excerpt\">Die Chronik gibt einen \u00dcberblick...<\/div><p class=\"ccpages_more\"><a href=\"https:\/\/www.ff-sarstedt.de\/stadt\/schliekum\/wir-ueber-uns\/chronik-2\"  title=\"weiterlesen...\">weiterlesen...<\/a><\/p><\/div><div class=\"ccchildpage  cceven ccpage-count-6 ccpage-id-8728 ccpage-chronik-kinderfeuerwehr ccpage-has-parent ccpage-pid-1714 ccpage-parent-wir-ueber-uns\"><h3 class=\"ccpage_title\" title=\"Chronik Kinderfeuerwehr\">Chronik Kinderfeuerwehr<\/h3><div class=\"ccpages_excerpt\">Schon seit Langem erz\u00e4hlten viele...<\/div><p class=\"ccpages_more\"><a href=\"https:\/\/www.ff-sarstedt.de\/stadt\/schliekum\/wir-ueber-uns\/chronik-kinderfeuerwehr\"  title=\"weiterlesen...\">weiterlesen...<\/a><\/p><\/div><\/div>\n<h3>Karte<\/h3>\n\t\t\t<script type=\"text\/javascript\">\r\n\t\t\t\tvar map_t4p_map_69fefe005b19d;\r\n\t\t\t\tvar markers = [];\r\n\t\t\t\tvar counter = 0;\r\n\t\t\t\tfunction t4p_run_map_t4p_map_69fefe005b19d() {\r\n\t\t\t\t\tvar location = new google.maps.LatLng(S, S);\r\n\t\t\t\t\tvar map_options = {\r\n\t\t\t\t\t\tzoom: 14,\r\n\t\t\t\t\t\tcenter: location,\r\n\t\t\t\t\t\tmapTypeId: google.maps.MapTypeId.ROADMAP,\r\n\t\t\t\t\t\tscrollwheel: true,\r\n\t\t\t\t\t\tscaleControl: true,\r\n\t\t\t\t\t\tpanControl: true,\r\n\t\t\t\t\t\tzoomControl: true\t\t\t\t\t\t\r\n\t\t\t\t\t};\r\n\t\t\t\t\tmap_t4p_map_69fefe005b19d = new google.maps.Map(document.getElementById(\"t4p_map_69fefe005b19d\"), map_options);\r\n\t\t\t\t\t\t\t\t\t\t\t\t\t\t\t\r\n\t\t\t\t\tvar content_string = \"<div class='info-window'>Pattenser Stra\u00dfe 31157 Schliekum<\/div>\";\r\n\t\t\t\t\t\r\n\t\t\t\t\t\r\n\t\t\t\t\tmap_t4p_map_69fefe005b19d_args = {\r\n\t\t\t\t\t\tposition: new google.maps.LatLng(\"S\", \"S\"),\r\n\t\t\t\t\t\tmap: map_t4p_map_69fefe005b19d\t\t\t\t\t};\r\n\r\n\t\t\t\t\t\t\t\t\t\t\t\t\t\t\t\r\n\t\t\t\t\tmarkers[counter] = new google.maps.Marker(map_t4p_map_69fefe005b19d_args);\r\n\t\t\t\t\t\r\n\t\t\t\t\t\t\t\t\t\t\r\n\t\t\t\t\t\tmarkers[counter]['infowindow'] = new google.maps.InfoWindow({\r\n\t\t\t\t\t\t\tcontent: content_string\r\n\t\t\t\t\t\t});\t\t\t\t\t\r\n\t\t\t\t\t\t\r\n\t\t\t\t\t\t\t\t\t\t\t\t\tmarkers[counter]['infowindow'].show = true;\r\n\t\t\t\t\t\t\tmarkers[counter]['infowindow'].open(map_t4p_map_69fefe005b19d, markers[counter]);\r\n\t\t\t\t\t\t\t\t\t\t\t\t\r\n\r\n\t\t\t\t\t\tgoogle.maps.event.addListener(markers[counter], 'click', function() {\r\n\t\t\t\t\t\t\tif(this['infowindow'].show) {\r\n\t\t\t\t\t\t\t\tthis['infowindow'].close(map_t4p_map_69fefe005b19d, this);\r\n\t\t\t\t\t\t\t\tthis['infowindow'].show = false;\r\n\t\t\t\t\t\t\t} else {\r\n\t\t\t\t\t\t\t\tthis['infowindow'].open(map_t4p_map_69fefe005b19d, this);\r\n\t\t\t\t\t\t\t\tthis['infowindow'].show = true;\r\n\t\t\t\t\t\t\t}\r\n\t\t\t\t\t\t});\r\n\t\t\t\t\t\r\n\t\t\t\t\t\t\t\t\t\t\r\n\t\t\t\t\tcounter++;\r\n\t\t\t\t\t\r\n\t\t\t\t}\r\n\r\n\t\t\t\tgoogle.maps.event.addDomListener(window, 'load', t4p_run_map_t4p_map_69fefe005b19d);\r\n\r\n\t\t\t<\/script>\r\n\t\t\t<div class=\"shortcode-map t4p-google-map\" id=\"t4p_map_69fefe005b19d\" style=\"height:300px;width:100%;\"><\/div>\n","protected":false},"excerpt":{"rendered":"<p>Die Ortsfeuerwehr Schliekum geh\u00f6rt zum 3. L\u00f6schzug der Stadt Sarstedt. Weiterhin ist der 3. Zug als Teil der Gemeindlichen Gefahrgutgruppe f\u00fcr die Dekontamination bei CBRN-Eins\u00e4tzen in der Stadt Sarstedt zust\u00e4ndig. Karte<\/p>\n","protected":false},"author":5,"featured_media":8618,"parent":52,"menu_order":62,"comment_status":"closed","ping_status":"closed","template":"side-navigation.php","meta":{"_monsterinsights_skip_tracking":false,"_monsterinsights_sitenote_active":false,"_monsterinsights_sitenote_note":"","_monsterinsights_sitenote_category":0,"footnotes":""},"class_list":["post-1714","page","type-page","status-publish","has-post-thumbnail","hentry"],"aioseo_notices":[],"_links":{"self":[{"href":"https:\/\/www.ff-sarstedt.de\/stadt\/wp-json\/wp\/v2\/pages\/1714","targetHints":{"allow":["GET"]}}],"collection":[{"href":"https:\/\/www.ff-sarstedt.de\/stadt\/wp-json\/wp\/v2\/pages"}],"about":[{"href":"https:\/\/www.ff-sarstedt.de\/stadt\/wp-json\/wp\/v2\/types\/page"}],"author":[{"embeddable":true,"href":"https:\/\/www.ff-sarstedt.de\/stadt\/wp-json\/wp\/v2\/users\/5"}],"replies":[{"embeddable":true,"href":"https:\/\/www.ff-sarstedt.de\/stadt\/wp-json\/wp\/v2\/comments?post=1714"}],"version-history":[{"count":1,"href":"https:\/\/www.ff-sarstedt.de\/stadt\/wp-json\/wp\/v2\/pages\/1714\/revisions"}],"predecessor-version":[{"id":29552,"href":"https:\/\/www.ff-sarstedt.de\/stadt\/wp-json\/wp\/v2\/pages\/1714\/revisions\/29552"}],"up":[{"embeddable":true,"href":"https:\/\/www.ff-sarstedt.de\/stadt\/wp-json\/wp\/v2\/pages\/52"}],"wp:featuredmedia":[{"embeddable":true,"href":"https:\/\/www.ff-sarstedt.de\/stadt\/wp-json\/wp\/v2\/media\/8618"}],"wp:attachment":[{"href":"https:\/\/www.ff-sarstedt.de\/stadt\/wp-json\/wp\/v2\/media?parent=1714"}],"curies":[{"name":"wp","href":"https:\/\/api.w.org\/{rel}","templated":true}]}}