{"id":17706,"date":"2018-04-14T22:17:49","date_gmt":"2018-04-14T20:17:49","guid":{"rendered":"http:\/\/www.ff-sarstedt.de\/stadt\/?page_id=17706"},"modified":"2018-05-11T17:17:27","modified_gmt":"2018-05-11T15:17:27","slug":"videos-grossuebung-stadtgebiet-sarstedt","status":"publish","type":"page","link":"https:\/\/www.ff-sarstedt.de\/stadt\/archiv\/videos-grossuebung-stadtgebiet-sarstedt","title":{"rendered":"Videos Gro\u00df\u00fcbung Stadtgebiet Sarstedt 2018"},"content":{"rendered":"<p>Am 07.04.2018 fand im Stadtgebiet Sarstedt eine Gro\u00df\u00fcbung statt mit drei unterschiedlichen Senaren. Hier findet Ihr die Videos:<\/p>\n<p>Einsatzstelle <a href=\"https:\/\/goo.gl\/maps\/ppqmTdgFi6G2\">&#8220;Auf der Kassebeerenwoth&#8220;<\/a>, Flugzeugabsturz in die ehemalige Oberschule:<\/p>\n<p><iframe loading=\"lazy\" title=\"Flugzeugabsturz \u00fcber Sarstedt - mehr als 400 Einsatzkr\u00e4fte im Einsatz [Gro\u00df\u00fcbung]\" width=\"669\" height=\"376\" src=\"https:\/\/www.youtube.com\/embed\/WvKOctkIat0?feature=oembed\" frameborder=\"0\" allow=\"accelerometer; autoplay; encrypted-media; gyroscope; picture-in-picture\" allowfullscreen><\/iframe><\/p>\n<p>&nbsp;<\/p>\n<p><iframe loading=\"lazy\" title=\"(Flugzeugabsturz \u00fcber Schule)  Gro\u00df\u00fcbung Feuerwehr und THW\" width=\"669\" height=\"376\" src=\"https:\/\/www.youtube.com\/embed\/1-qN1mGJDW8?feature=oembed\" frameborder=\"0\" allow=\"accelerometer; autoplay; encrypted-media; gyroscope; picture-in-picture\" allowfullscreen><\/iframe><\/p>\n<p>Vollst\u00e4ndiger Bericht: <a href=\"https:\/\/www.ff-sarstedt.de\/stadt\/archive\/17579\">hier!<\/a><\/p>\n","protected":false},"excerpt":{"rendered":"<p>Am 07.04.2018 fand im Stadtgebiet Sarstedt eine Gro\u00df\u00fcbung statt mit drei unterschiedlichen Senaren. Hier findet Ihr die Videos: Einsatzstelle &#8220;Auf der Kassebeerenwoth&#8220;, Flugzeugabsturz in die ehemalige Oberschule: &nbsp; Vollst\u00e4ndiger Bericht: hier!<\/p>\n","protected":false},"author":29,"featured_media":17643,"parent":8839,"menu_order":0,"comment_status":"closed","ping_status":"closed","template":"","meta":{"_monsterinsights_skip_tracking":false,"_monsterinsights_sitenote_active":false,"_monsterinsights_sitenote_note":"","_monsterinsights_sitenote_category":0,"footnotes":""},"class_list":["post-17706","page","type-page","status-publish","has-post-thumbnail","hentry"],"aioseo_notices":[],"_links":{"self":[{"href":"https:\/\/www.ff-sarstedt.de\/stadt\/wp-json\/wp\/v2\/pages\/17706","targetHints":{"allow":["GET"]}}],"collection":[{"href":"https:\/\/www.ff-sarstedt.de\/stadt\/wp-json\/wp\/v2\/pages"}],"about":[{"href":"https:\/\/www.ff-sarstedt.de\/stadt\/wp-json\/wp\/v2\/types\/page"}],"author":[{"embeddable":true,"href":"https:\/\/www.ff-sarstedt.de\/stadt\/wp-json\/wp\/v2\/users\/29"}],"replies":[{"embeddable":true,"href":"https:\/\/www.ff-sarstedt.de\/stadt\/wp-json\/wp\/v2\/comments?post=17706"}],"version-history":[{"count":0,"href":"https:\/\/www.ff-sarstedt.de\/stadt\/wp-json\/wp\/v2\/pages\/17706\/revisions"}],"up":[{"embeddable":true,"href":"https:\/\/www.ff-sarstedt.de\/stadt\/wp-json\/wp\/v2\/pages\/8839"}],"wp:featuredmedia":[{"embeddable":true,"href":"https:\/\/www.ff-sarstedt.de\/stadt\/wp-json\/wp\/v2\/media\/17643"}],"wp:attachment":[{"href":"https:\/\/www.ff-sarstedt.de\/stadt\/wp-json\/wp\/v2\/media?parent=17706"}],"curies":[{"name":"wp","href":"https:\/\/api.w.org\/{rel}","templated":true}]}}