{"id":19619,"date":"2019-02-17T16:49:33","date_gmt":"2019-02-17T15:49:33","guid":{"rendered":"http:\/\/www.ff-sarstedt.de\/stadt\/?page_id=19619"},"modified":"2019-02-17T19:42:50","modified_gmt":"2019-02-17T18:42:50","slug":"loeschgruppenfahrzeug-lf-8","status":"publish","type":"page","link":"https:\/\/www.ff-sarstedt.de\/stadt\/schliekum\/technik\/fahrzeuge\/historische-fahrzeuge\/loeschgruppenfahrzeug-lf-8","title":{"rendered":"L\u00f6schgruppenfahrzeug LF 8"},"content":{"rendered":"\n<p>Am 8. und 9. Februar 1973 wurde das LF 8 von der Firma Ziegler nach Elze \u00fcberf\u00fchrt. Am 17. Februar 1973 wurde das Fahrzeug von dort abgeholt und nach Schliekum verbracht. Hier leistete es bis zur Abl\u00f6sung durch das LF 8\/6 im Dezember 1998 treue Dienste.<\/p>\n\n\n\n<h3 class=\"wp-block-heading\">Technische Daten<\/h3>\n\n\n\n<p>Rufname: Florian Hilburg 11-23<br>Baujahr:&nbsp;1973 <br>Fahrgestell:&nbsp;Opel Blitz&nbsp;<br>Leistung (kw\/PS): <br>Max Km\/h: <br>Zul. Gesamtgewicht (kg): 7490 <br>Aufbau: Firma Ziegler<br>Besatzung: 1 \/ 8 <\/p>\n\n\n\n<ul class=\"wp-block-gallery columns-2 is-cropped wp-block-gallery-1 is-layout-flex wp-block-gallery-is-layout-flex\"><li class=\"blocks-gallery-item\"><figure><a href=\"https:\/\/www.ff-sarstedt.de\/stadt\/wp-content\/uploads\/2019\/02\/LF-8-e1550417786658.jpg\" rel=\"lightbox[19619]\"><img loading=\"lazy\" decoding=\"async\" width=\"1032\" height=\"700\" src=\"https:\/\/www.ff-sarstedt.de\/stadt\/wp-content\/uploads\/2019\/02\/LF-8-e1550417786658.jpg\" alt=\"\" data-id=\"19617\" data-link=\"https:\/\/www.ff-sarstedt.de\/stadt\/lf-8-2\" class=\"wp-image-19617\"\/><\/a><\/figure><\/li><li class=\"blocks-gallery-item\"><figure><a href=\"https:\/\/www.ff-sarstedt.de\/stadt\/wp-content\/uploads\/2019\/02\/LF-8-und-8-6-1200x745.jpg\" rel=\"lightbox[19619]\"><img loading=\"lazy\" decoding=\"async\" width=\"1200\" height=\"745\" src=\"https:\/\/www.ff-sarstedt.de\/stadt\/wp-content\/uploads\/2019\/02\/LF-8-und-8-6-1200x745.jpg\" alt=\"\" data-id=\"19618\" data-link=\"https:\/\/www.ff-sarstedt.de\/stadt\/lf-8-und-8-6-2\" class=\"wp-image-19618\"\/><\/a><\/figure><\/li><\/ul>\n","protected":false},"excerpt":{"rendered":"<p>Am 8. und 9. Februar 1973 wurde das LF 8 von der Firma Ziegler nach Elze \u00fcberf\u00fchrt. Am 17. Februar 1973 wurde das Fahrzeug von dort abgeholt und nach Schliekum verbracht. Hier leistete es bis zur Abl\u00f6sung durch das LF 8\/6 im Dezember 1998 treue Dienste. Technische Daten Rufname: Florian Hilburg 11-23Baujahr:&nbsp;1973 Fahrgestell:&nbsp;Opel Blitz&nbsp;Leistung (kw\/PS): [&hellip;]<\/p>\n","protected":false},"author":19,"featured_media":19617,"parent":19587,"menu_order":36,"comment_status":"closed","ping_status":"closed","template":"side-navigation.php","meta":{"_monsterinsights_skip_tracking":false,"_monsterinsights_sitenote_active":false,"_monsterinsights_sitenote_note":"","_monsterinsights_sitenote_category":0,"footnotes":""},"class_list":["post-19619","page","type-page","status-publish","has-post-thumbnail","hentry"],"aioseo_notices":[],"_links":{"self":[{"href":"https:\/\/www.ff-sarstedt.de\/stadt\/wp-json\/wp\/v2\/pages\/19619","targetHints":{"allow":["GET"]}}],"collection":[{"href":"https:\/\/www.ff-sarstedt.de\/stadt\/wp-json\/wp\/v2\/pages"}],"about":[{"href":"https:\/\/www.ff-sarstedt.de\/stadt\/wp-json\/wp\/v2\/types\/page"}],"author":[{"embeddable":true,"href":"https:\/\/www.ff-sarstedt.de\/stadt\/wp-json\/wp\/v2\/users\/19"}],"replies":[{"embeddable":true,"href":"https:\/\/www.ff-sarstedt.de\/stadt\/wp-json\/wp\/v2\/comments?post=19619"}],"version-history":[{"count":0,"href":"https:\/\/www.ff-sarstedt.de\/stadt\/wp-json\/wp\/v2\/pages\/19619\/revisions"}],"up":[{"embeddable":true,"href":"https:\/\/www.ff-sarstedt.de\/stadt\/wp-json\/wp\/v2\/pages\/19587"}],"wp:featuredmedia":[{"embeddable":true,"href":"https:\/\/www.ff-sarstedt.de\/stadt\/wp-json\/wp\/v2\/media\/19617"}],"wp:attachment":[{"href":"https:\/\/www.ff-sarstedt.de\/stadt\/wp-json\/wp\/v2\/media?parent=19619"}],"curies":[{"name":"wp","href":"https:\/\/api.w.org\/{rel}","templated":true}]}}

Löschgruppenfahrzeug LF 8

<p>Am 8. und 9. Februar 1973 wurde das LF 8 von der Firma Ziegler nach Elze überführt. Am 17. Februar 1973 wurde das Fahrzeug von dort abgeholt und nach Schliekum verbracht. Hier leistete es bis zur Ablösung durch das LF 8/6 im Dezember 1998 treue Dienste.</p>



<h3 class="wp-block-heading">Technische Daten</h3>



<p>Rufname: Florian Hilburg 11-23<br>Baujahr:&nbsp;1973 <br>Fahrgestell:&nbsp;Opel Blitz&nbsp;<br>Leistung (kw/PS): <br>Max Km/h: <br>Zul. Gesamtgewicht (kg): 7490 <br>Aufbau: Firma Ziegler<br>Besatzung: 1 / 8 </p>



<ul class="wp-block-gallery columns-2 is-cropped wp-block-gallery-1 is-layout-flex wp-block-gallery-is-layout-flex"><li class="blocks-gallery-item"><figure><a href="https://www.ff-sarstedt.de/stadt/wp-content/uploads/2019/02/LF-8-e1550417786658.jpg" rel="lightbox[19619]"><img loading="lazy" decoding="async" width="1032" height="700" src="https://www.ff-sarstedt.de/stadt/wp-content/uploads/2019/02/LF-8-e1550417786658.jpg" alt="" data-id="19617" data-link="https://www.ff-sarstedt.de/stadt/lf-8-2" class="wp-image-19617"/></a></figure></li><li class="blocks-gallery-item"><figure><a href="https://www.ff-sarstedt.de/stadt/wp-content/uploads/2019/02/LF-8-und-8-6-1200x745.jpg" rel="lightbox[19619]"><img loading="lazy" decoding="async" width="1200" height="745" src="https://www.ff-sarstedt.de/stadt/wp-content/uploads/2019/02/LF-8-und-8-6-1200x745.jpg" alt="" data-id="19618" data-link="https://www.ff-sarstedt.de/stadt/lf-8-und-8-6-2" class="wp-image-19618"/></a></figure></li></ul>

<p>Am 8. und 9. Februar 1973 wurde das LF 8 von der Firma Ziegler nach Elze überführt. Am 17. Februar 1973 wurde das Fahrzeug von dort abgeholt und nach Schliekum verbracht. Hier leistete es bis zur Ablösung durch das LF 8/6 im Dezember 1998 treue Dienste. Technische Daten Rufname: Florian Hilburg 11-23Baujahr:&nbsp;1973 Fahrgestell:&nbsp;Opel Blitz&nbsp;Leistung (kw/PS): [&hellip;]</p>
