{"id":2016,"date":"2015-07-09T23:11:45","date_gmt":"2015-07-09T21:11:45","guid":{"rendered":"http:\/\/www.ff-sarstedt.de\/stadt\/?page_id=2016"},"modified":"2018-06-30T14:04:33","modified_gmt":"2018-06-30T12:04:33","slug":"feuerwehrhaus","status":"publish","type":"page","link":"https:\/\/www.ff-sarstedt.de\/stadt\/ruthe\/technik\/feuerwehrhaus","title":{"rendered":"Feuerwehrhaus"},"content":{"rendered":"<div class=\"ueberschrift\">Anschrift<\/div>\n<p><b>Amtshof 1<\/b><br \/>\n31157 Ruthe<\/p>\n<div class=\"ueberschrift\">Bilder<\/div>\n\n\t\t<style type=\"text\/css\">\n\t\t\t#gallery-1 {\n\t\t\t\tmargin: auto;\n\t\t\t}\n\t\t\t#gallery-1 .gallery-item {\n\t\t\t\tfloat: left;\n\t\t\t\tmargin-top: 10px;\n\t\t\t\ttext-align: center;\n\t\t\t\twidth: 50%;\n\t\t\t}\n\t\t\t#gallery-1 img {\n\t\t\t\tborder: 2px solid #cfcfcf;\n\t\t\t}\n\t\t\t#gallery-1 .gallery-caption {\n\t\t\t\tmargin-left: 0;\n\t\t\t}\n\t\t\t\/* see gallery_shortcode() in wp-includes\/media.php *\/\n\t\t<\/style>\n\t\t<div id='gallery-1' class='gallery galleryid-2016 gallery-columns-2 gallery-size-thumbnail'><dl class='gallery-item'>\n\t\t\t<dt class='gallery-icon landscape'>\n\t\t\t\t<a rel=\"prettyPhoto[postimages]\" href='https:\/\/www.ff-sarstedt.de\/stadt\/wp-content\/uploads\/2015\/07\/IMG_5481.jpg'><img loading=\"lazy\" decoding=\"async\" width=\"150\" height=\"150\" src=\"https:\/\/www.ff-sarstedt.de\/stadt\/wp-content\/uploads\/2015\/07\/IMG_5481-150x150.jpg\" class=\"attachment-thumbnail size-thumbnail\" alt=\"\" aria-describedby=\"gallery-1-2015\" \/><\/a>\n\t\t\t<\/dt>\n\t\t\t\t<dd class='wp-caption-text gallery-caption' id='gallery-1-2015'>\n\t\t\t\tFeuerwehrhaus\n\t\t\t\t<\/dd><\/dl><dl class='gallery-item'>\n\t\t\t<dt class='gallery-icon landscape'>\n\t\t\t\t<a rel=\"prettyPhoto[postimages]\" href='https:\/\/www.ff-sarstedt.de\/stadt\/wp-content\/uploads\/2015\/07\/IMG_5487.jpg'><img loading=\"lazy\" decoding=\"async\" width=\"150\" height=\"150\" src=\"https:\/\/www.ff-sarstedt.de\/stadt\/wp-content\/uploads\/2015\/07\/IMG_5487-150x150.jpg\" class=\"attachment-thumbnail size-thumbnail\" alt=\"\" aria-describedby=\"gallery-1-2017\" \/><\/a>\n\t\t\t<\/dt>\n\t\t\t\t<dd class='wp-caption-text gallery-caption' id='gallery-1-2017'>\n\t\t\t\tFahrzeughalle\n\t\t\t\t<\/dd><\/dl><br style=\"clear: both\" \/><dl class='gallery-item'>\n\t\t\t<dt class='gallery-icon landscape'>\n\t\t\t\t<a rel=\"prettyPhoto[postimages]\" href='https:\/\/www.ff-sarstedt.de\/stadt\/wp-content\/uploads\/2015\/07\/IMG_5489.jpg'><img loading=\"lazy\" decoding=\"async\" width=\"150\" height=\"150\" src=\"https:\/\/www.ff-sarstedt.de\/stadt\/wp-content\/uploads\/2015\/07\/IMG_5489-150x150.jpg\" class=\"attachment-thumbnail size-thumbnail\" alt=\"\" aria-describedby=\"gallery-1-2018\" \/><\/a>\n\t\t\t<\/dt>\n\t\t\t\t<dd class='wp-caption-text gallery-caption' id='gallery-1-2018'>\n\t\t\t\tUmkleide\n\t\t\t\t<\/dd><\/dl><dl class='gallery-item'>\n\t\t\t<dt class='gallery-icon landscape'>\n\t\t\t\t<a rel=\"prettyPhoto[postimages]\" href='https:\/\/www.ff-sarstedt.de\/stadt\/wp-content\/uploads\/2015\/07\/IMG_5478.jpg'><img loading=\"lazy\" decoding=\"async\" width=\"150\" height=\"150\" src=\"https:\/\/www.ff-sarstedt.de\/stadt\/wp-content\/uploads\/2015\/07\/IMG_5478-150x150.jpg\" class=\"attachment-thumbnail size-thumbnail\" alt=\"\" aria-describedby=\"gallery-1-2014\" \/><\/a>\n\t\t\t<\/dt>\n\t\t\t\t<dd class='wp-caption-text gallery-caption' id='gallery-1-2014'>\n\t\t\t\tUnterrichtsraum\n\t\t\t\t<\/dd><\/dl><br style=\"clear: both\" \/>\n\t\t<\/div>\n\n<p>&nbsp;<\/p>\n<div class=\"ueberschrift\">Bautagebuch<\/div>\n<div id=\"ccchildpages-1\" class=\"ccchildpages ccflex twocol cc-child ccclearfix\"><div class=\"ccchildpage  ccfirst ccodd ccpage-count-1 ccpage-id-2124 ccpage-maerz-2011-hecke-umpflanzen ccpage-has-parent ccpage-pid-2016 ccpage-parent-feuerwehrhaus\"><h3 class=\"ccpage_title\" title=\"Hecke umpflanzen\">Hecke umpflanzen<\/h3><img loading=\"lazy\" decoding=\"async\" width=\"300\" height=\"225\" src=\"https:\/\/www.ff-sarstedt.de\/stadt\/wp-content\/uploads\/2015\/07\/DSCN0187-300x225.jpg\" class=\"cc-child-pages-thumb wp-post-image\" alt=\"Hecke umpflanzen\" title=\"Hecke umpflanzen\" \/><div class=\"ccpages_excerpt\">Die Hecke umpflanzen Da uns die Hecke zu schade war entsorgt zu werden, haben wir sie kurzerhand auf dem nahe gelegenen Spielplatz umgepflanzt.<\/div><p class=\"ccpages_more\"><a href=\"https:\/\/www.ff-sarstedt.de\/stadt\/ruthe\/technik\/feuerwehrhaus\/maerz-2011-hecke-umpflanzen\"  title=\"weiterlesen...\">weiterlesen...<\/a><\/p><\/div><div class=\"ccchildpage  cclast cceven ccpage-count-2 ccpage-id-2162 ccpage-juni-2011-bodenplatte-und-rohbau ccpage-has-parent ccpage-pid-2016 ccpage-parent-feuerwehrhaus\"><h3 class=\"ccpage_title\" title=\"Bodenplatte und Rohbau\">Bodenplatte und Rohbau<\/h3><img loading=\"lazy\" decoding=\"async\" width=\"300\" height=\"225\" src=\"https:\/\/www.ff-sarstedt.de\/stadt\/wp-content\/uploads\/2015\/07\/DSCN0536-300x225.jpg\" class=\"cc-child-pages-thumb wp-post-image\" alt=\"Bodenplatte und Rohbau\" title=\"Bodenplatte und Rohbau\" \/><div class=\"ccpages_excerpt\">Die Bodenplatte und der Rohbau Wir gie\u00dfen die Bodenplatte und errichten den Rohbau.<\/div><p class=\"ccpages_more\"><a href=\"https:\/\/www.ff-sarstedt.de\/stadt\/ruthe\/technik\/feuerwehrhaus\/juni-2011-bodenplatte-und-rohbau\"  title=\"weiterlesen...\">weiterlesen...<\/a><\/p><\/div><div class=\"ccchildpage  ccfirst ccodd ccpage-count-3 ccpage-id-2192 ccpage-dach-und-daemmung ccpage-has-parent ccpage-pid-2016 ccpage-parent-feuerwehrhaus\"><h3 class=\"ccpage_title\" title=\"Dach, D\u00e4mmung und Sockel der Spinde\">Dach, D\u00e4mmung und Sockel der Spinde<\/h3><img loading=\"lazy\" decoding=\"async\" width=\"300\" height=\"225\" src=\"https:\/\/www.ff-sarstedt.de\/stadt\/wp-content\/uploads\/2015\/07\/DSCN0824-300x225.jpg\" class=\"cc-child-pages-thumb wp-post-image\" alt=\"Dach, D\u00e4mmung und Sockel der Spinde\" title=\"Dach, D\u00e4mmung und Sockel der Spinde\" \/><div class=\"ccpages_excerpt\">Dach, D\u00e4mmung und Sockel der Spinde Wir zimmern das Dach und d\u00e4mmen dieses. Zudem gie\u00dfen wir die Sockel f\u00fcr unsere Spinde und h\u00e4ngen am Anfang unserer Zufahrt ein Orientierungsschild f\u00fcr uns auf.<\/div><p class=\"ccpages_more\"><a href=\"https:\/\/www.ff-sarstedt.de\/stadt\/ruthe\/technik\/feuerwehrhaus\/dach-und-daemmung\"  title=\"weiterlesen...\">weiterlesen...<\/a><\/p><\/div><div class=\"ccchildpage  cclast cceven ccpage-count-4 ccpage-id-2250 ccpage-streichen-und-stromkabel-verlegen ccpage-has-parent ccpage-pid-2016 ccpage-parent-feuerwehrhaus\"><h3 class=\"ccpage_title\" title=\"Streichen und Stromkabel verlegen\">Streichen und Stromkabel verlegen<\/h3><img loading=\"lazy\" decoding=\"async\" width=\"300\" height=\"225\" src=\"https:\/\/www.ff-sarstedt.de\/stadt\/wp-content\/uploads\/2015\/07\/DSCN1022-300x225.jpg\" class=\"cc-child-pages-thumb wp-post-image\" alt=\"Streichen und Stromkabel verlegen\" title=\"Streichen und Stromkabel verlegen\" \/><div class=\"ccpages_excerpt\">Streichen und Stromkabel verlegen Wir streichen die Innenr\u00e4ume und verlegen die Stromkabel, die wir sp\u00e4ter ben\u00f6tigen.<\/div><p class=\"ccpages_more\"><a href=\"https:\/\/www.ff-sarstedt.de\/stadt\/ruthe\/technik\/feuerwehrhaus\/streichen-und-stromkabel-verlegen\"  title=\"weiterlesen...\">weiterlesen...<\/a><\/p><\/div><div class=\"ccchildpage  ccfirst ccodd ccpage-count-5 ccpage-id-2301 ccpage-fliesen-legen-verputzen-und-die-stiefelwaesche ccpage-has-parent ccpage-pid-2016 ccpage-parent-feuerwehrhaus\"><h3 class=\"ccpage_title\" title=\"Fliesen legen, verputzen und die Stiefelw\u00e4sche\">Fliesen legen, verputzen und die Stiefelw\u00e4sche<\/h3><img loading=\"lazy\" decoding=\"async\" width=\"300\" height=\"225\" src=\"https:\/\/www.ff-sarstedt.de\/stadt\/wp-content\/uploads\/2015\/07\/DSCN1065-300x225.jpg\" class=\"cc-child-pages-thumb wp-post-image\" alt=\"Fliesen legen, verputzen und die Stiefelw\u00e4sche\" title=\"Fliesen legen, verputzen und die Stiefelw\u00e4sche\" \/><div class=\"ccpages_excerpt\">Fliesen legen, verputzen und die Stiefelw\u00e4sche Wir verlegen die Fliesen, machen die letzten D\u00e4mmarbeiten und verputzen diese und bauen unsere Stiefelw\u00e4sche.<\/div><p class=\"ccpages_more\"><a href=\"https:\/\/www.ff-sarstedt.de\/stadt\/ruthe\/technik\/feuerwehrhaus\/fliesen-legen-verputzen-und-die-stiefelwaesche\"  title=\"weiterlesen...\">weiterlesen...<\/a><\/p><\/div><div class=\"ccchildpage  cclast cceven ccpage-count-6 ccpage-id-2287 ccpage-streichen-der-tueren-und-spinde ccpage-has-parent ccpage-pid-2016 ccpage-parent-feuerwehrhaus\"><h3 class=\"ccpage_title\" title=\"Streichen der T\u00fcren und Spinde\">Streichen der T\u00fcren und Spinde<\/h3><img loading=\"lazy\" decoding=\"async\" width=\"225\" height=\"300\" src=\"https:\/\/www.ff-sarstedt.de\/stadt\/wp-content\/uploads\/2015\/07\/DSCN1203-225x300.jpg\" class=\"cc-child-pages-thumb wp-post-image\" alt=\"Streichen der T\u00fcren und Spinde\" title=\"Streichen der T\u00fcren und Spinde\" \/><div class=\"ccpages_excerpt\">Streichen der T\u00fcren und Spinde Wir streichen unsere T\u00fcren und Spinde an.<\/div><p class=\"ccpages_more\"><a href=\"https:\/\/www.ff-sarstedt.de\/stadt\/ruthe\/technik\/feuerwehrhaus\/streichen-der-tueren-und-spinde\"  title=\"weiterlesen...\">weiterlesen...<\/a><\/p><\/div><\/div>\n","protected":false},"excerpt":{"rendered":"<p>Anschrift Amtshof 1 31157 Ruthe Bilder &nbsp; Bautagebuch<\/p>\n","protected":false},"author":9,"featured_media":2017,"parent":1254,"menu_order":7,"comment_status":"closed","ping_status":"closed","template":"side-navigation.php","meta":{"_monsterinsights_skip_tracking":false,"_monsterinsights_sitenote_active":false,"_monsterinsights_sitenote_note":"","_monsterinsights_sitenote_category":0,"footnotes":""},"class_list":["post-2016","page","type-page","status-publish","has-post-thumbnail","hentry"],"aioseo_notices":[],"_links":{"self":[{"href":"https:\/\/www.ff-sarstedt.de\/stadt\/wp-json\/wp\/v2\/pages\/2016","targetHints":{"allow":["GET"]}}],"collection":[{"href":"https:\/\/www.ff-sarstedt.de\/stadt\/wp-json\/wp\/v2\/pages"}],"about":[{"href":"https:\/\/www.ff-sarstedt.de\/stadt\/wp-json\/wp\/v2\/types\/page"}],"author":[{"embeddable":true,"href":"https:\/\/www.ff-sarstedt.de\/stadt\/wp-json\/wp\/v2\/users\/9"}],"replies":[{"embeddable":true,"href":"https:\/\/www.ff-sarstedt.de\/stadt\/wp-json\/wp\/v2\/comments?post=2016"}],"version-history":[{"count":1,"href":"https:\/\/www.ff-sarstedt.de\/stadt\/wp-json\/wp\/v2\/pages\/2016\/revisions"}],"predecessor-version":[{"id":28611,"href":"https:\/\/www.ff-sarstedt.de\/stadt\/wp-json\/wp\/v2\/pages\/2016\/revisions\/28611"}],"up":[{"embeddable":true,"href":"https:\/\/www.ff-sarstedt.de\/stadt\/wp-json\/wp\/v2\/pages\/1254"}],"wp:featuredmedia":[{"embeddable":true,"href":"https:\/\/www.ff-sarstedt.de\/stadt\/wp-json\/wp\/v2\/media\/2017"}],"wp:attachment":[{"href":"https:\/\/www.ff-sarstedt.de\/stadt\/wp-json\/wp\/v2\/media?parent=2016"}],"curies":[{"name":"wp","href":"https:\/\/api.w.org\/{rel}","templated":true}]}}