{"id":29839,"date":"2025-05-22T21:05:50","date_gmt":"2025-05-22T19:05:50","guid":{"rendered":"https:\/\/www.ff-sarstedt.de\/stadt\/?page_id=29839"},"modified":"2025-05-23T16:36:24","modified_gmt":"2025-05-23T14:36:24","slug":"trauerfeier-fuer-thomas-arni-arnold","status":"publish","type":"page","link":"https:\/\/www.ff-sarstedt.de\/stadt\/trauerfeier-fuer-thomas-arni-arnold","title":{"rendered":"Trauerfeier f\u00fcr Thomas &#8220;Arni&#8221; Arnold am 3.6.2025"},"content":{"rendered":"\n<p data-start=\"189\" data-end=\"420\"><img decoding=\"async\" src=\"https:\/\/www.ff-sarstedt.de\/stadt\/wp-content\/uploads\/2025\/05\/Arnold-Thomas-modified-scaled.jpg\" alt=\"\" \/><\/p>\n<p style=\"text-align: center;\" data-start=\"189\" data-end=\"420\">Mit gro\u00dfer Betroffenheit haben wir vom pl\u00f6tzlichen Tod unseres Kameraden <strong data-start=\"347\" data-end=\"371\">Thomas \u201eArni\u201c Arnold<\/strong> erfahren.<br data-start=\"381\" data-end=\"384\" \/>Arni war \u00fcber Jahrzehnte ein fester Bestandteil unserer Feuerwehr \u2013 engagiert, hilfsbereit und mit ganzem Herzen dabei. Sein Verlust trifft uns tief.<\/p>\n<p style=\"text-align: center;\" data-start=\"189\" data-end=\"420\">Aufgrund der gro\u00dfen Resonanz auf den pl\u00f6tzlichen Tod unseres <strong data-start=\"260\" data-end=\"284\">Arnis<\/strong>, der zahlreichen Beileidsbekundungen und der vielen Nachfragen zur Trauerfeier rechnen wir mit einer\u00a0 hohen Anzahl an Trauerg\u00e4sten.<\/p>\n<p style=\"text-align: center;\" data-start=\"422\" data-end=\"646\">Arni war eben <strong data-start=\"436\" data-end=\"469\">\u201ebekannt wie ein bunter Hund\u201c<\/strong> \u2013 in der Feuerwehr, in Sarstedt und weit dar\u00fcber hinaus. Sein offenes Herz, seine Hilfsbereitschaft und sein unverwechselbarer Humor haben viele Menschen ber\u00fchrt und verbunden.<\/p>\n<p style=\"text-align: center;\" data-start=\"648\" data-end=\"839\">Damit wir die Trauerfeier in enger Abstimmung mit seiner Familie gut und w\u00fcrdevoll planen k\u00f6nnen, bitten wir Dich bzw. Euch um eine<strong data-start=\"780\" data-end=\"806\">\u00a0Anmeldung<\/strong> \u00fcber das untenstehende Formular.<\/p>\n<h3 style=\"text-align: center;\" data-start=\"106\" data-end=\"158\">\u00a0<\/h3>\n<p style=\"text-align: center;\" data-start=\"160\" data-end=\"228\">F\u00fcr alle teilnehmenden Feuerwehren, Hilfsorganisationen und Vereine<\/p>\n<p style=\"text-align: center;\" data-start=\"160\" data-end=\"228\">sowie Trauerg\u00e4ste die an dem Trauermarsch teilnehmen m\u00f6chten:<\/p>\n<p style=\"text-align: center;\" data-start=\"230\" data-end=\"472\">Wir w\u00fcrden uns freuen, <strong data-start=\"253\" data-end=\"329\">wenn ihr bis 13:00 Uhr auf dem Sarstedter Festplatz eintrefft<\/strong>.<br data-start=\"330\" data-end=\"333\" \/>Der Festplatz dient an diesem Tag als zentraler Parkplatz f\u00fcr die Trauerg\u00e4ste und wird f\u00fcr die Dauer der Trauerfeier entsprechend gesperrt.<\/p>\n<p style=\"text-align: center;\" data-start=\"230\" data-end=\"472\">Von dort aus m\u00f6chten wir <strong data-start=\"124\" data-end=\"203\">gemeinsam um 13:15 Uhr in einem stillen Trauermarsch zum Friedhof begleiten<\/strong>, um unserem Kameraden <strong data-start=\"226\" data-end=\"250\">Thomas \u201eArni\u201c Arnold<\/strong> die letzte Ehre zu erweisen.<\/p>\n<p style=\"text-align: center;\" data-start=\"176\" data-end=\"400\">Im Anschluss an die Trauerfeier m\u00f6chten wir Euch \u2013 im Namen der Ortsfeuerwehr Sarstedt und auf ausdr\u00fccklichen Wunsch von Arnis Familie \u2013 herzlich zu einem <strong data-start=\"335\" data-end=\"390\">gemeinsamen Beisammensein im Feuerwehrhaus Sarstedt<\/strong> einladen, dort werden dann auch in der n\u00e4heren Umgebung Parkpl\u00e4tze ausgeschildert und vorgehalten.<\/p>\n<p style=\"text-align: center;\" data-start=\"402\" data-end=\"563\">Dort m\u00f6chten wir Euch und uns die M\u00f6glichkeit geben, in ruhiger Atmosph\u00e4re zusammenzukommen, Erinnerungen zu teilen und Arni in kameradschaftlicher Verbundenheit zu gedenken, wie er es immer geliebt hat.<\/p>\n<p style=\"text-align: center;\" data-start=\"565\" data-end=\"644\">F\u00fcr <strong data-start=\"569\" data-end=\"606\">Getr\u00e4nke und eine kleine St\u00e4rkung<\/strong> wird selbstverst\u00e4ndlich gesorgt sein.<\/p>\n<p style=\"text-align: center;\" data-start=\"646\" data-end=\"763\" data-is-last-node=\"\" data-is-only-node=\"\">Wir freuen uns, wenn Ihr diesen Weg mit uns gemeinsam geht \u2013 nicht nur bis zum Friedhof, sondern auch dar\u00fcber hinaus.<\/p>\n<hr data-start=\"1792\" data-end=\"1795\" \/>\n<p style=\"text-align: center;\" data-start=\"1796\" data-end=\"2008\">Vielen Dank f\u00fcr Eure Anteilnahme, Eure Unterst\u00fctzung und Euer Mitgef\u00fchl.<br data-start=\"1871\" data-end=\"1874\" \/>Lasst uns gemeinsam ein Zeichen setzen \u2013 f\u00fcr Arni, f\u00fcr seine Familie und f\u00fcr den starken Zusammenhalt, den er selbst immer gelebt hat.<\/p>\n<p style=\"text-align: center;\" data-start=\"2010\" data-end=\"2041\"><strong data-start=\"2010\" data-end=\"2041\">Eure Ortsfeuerwehr Sarstedt<\/strong><\/p>\n<p data-start=\"2061\" data-end=\"2092\">\u00a0<\/p>\n<p>\u00a0<\/p>\n<p>\u00a0<\/p>\n\n\n\n<div class=\"wpcf7 no-js\" id=\"wpcf7-f29838-o1\" lang=\"de-DE\" dir=\"ltr\" data-wpcf7-id=\"29838\">\n<div class=\"screen-reader-response\"><p role=\"status\" aria-live=\"polite\" aria-atomic=\"true\"><\/p> <ul><\/ul><\/div>\n<form action=\"\/stadt\/wp-json\/wp\/v2\/pages\/29839#wpcf7-f29838-o1\" method=\"post\" class=\"wpcf7-form init\" aria-label=\"Kontaktformular\" novalidate=\"novalidate\" data-status=\"init\">\n<fieldset class=\"hidden-fields-container\"><input type=\"hidden\" name=\"_wpcf7\" value=\"29838\" \/><input type=\"hidden\" name=\"_wpcf7_version\" value=\"6.1.5\" \/><input type=\"hidden\" name=\"_wpcf7_locale\" value=\"de_DE\" \/><input type=\"hidden\" name=\"_wpcf7_unit_tag\" value=\"wpcf7-f29838-o1\" \/><input type=\"hidden\" name=\"_wpcf7_container_post\" value=\"0\" \/><input type=\"hidden\" name=\"_wpcf7_posted_data_hash\" value=\"\" \/><input type=\"hidden\" name=\"_wpcf7_recaptcha_response\" value=\"\" \/>\n<\/fieldset>\n<p><label> Dein Name<br \/>\n<span class=\"wpcf7-form-control-wrap\" data-name=\"your-name\"><input size=\"40\" maxlength=\"400\" class=\"wpcf7-form-control wpcf7-text wpcf7-validates-as-required\" autocomplete=\"name\" aria-required=\"true\" aria-invalid=\"false\" value=\"\" type=\"text\" name=\"your-name\" \/><\/span> <\/label>\n<\/p>\n<p><label> Deine E-Mail-Adresse<br \/>\n<span class=\"wpcf7-form-control-wrap\" data-name=\"your-email\"><input size=\"40\" maxlength=\"400\" class=\"wpcf7-form-control wpcf7-email wpcf7-validates-as-required wpcf7-text wpcf7-validates-as-email\" autocomplete=\"email\" aria-required=\"true\" aria-invalid=\"false\" value=\"\" type=\"email\" name=\"your-email\" \/><\/span> <\/label>\n<\/p>\n<p><label> Feuerwehr\/Hilfsorganisation\/Verein\/Institution<br \/>\n<span class=\"wpcf7-form-control-wrap\" data-name=\"Verein\"><input size=\"40\" maxlength=\"400\" class=\"wpcf7-form-control wpcf7-text\" aria-invalid=\"false\" value=\"\" type=\"text\" name=\"Verein\" \/><\/span> <\/label>\n<\/p>\n<p><label> Anzahl Teilnehmer Trauerfeier<br \/>\n<span class=\"wpcf7-form-control-wrap\" data-name=\"tn\"><input class=\"wpcf7-form-control wpcf7-number wpcf7-validates-as-number\" aria-invalid=\"false\" value=\"\" type=\"number\" name=\"tn\" \/><\/span> <\/label>\n<\/p>\n<p><label> Anzahl Teilnehmer gemeinsames Beisammensein im Sarstedter Feuerwehrhaus<br \/>\n<span class=\"wpcf7-form-control-wrap\" data-name=\"tn_essen\"><input class=\"wpcf7-form-control wpcf7-number wpcf7-validates-as-number\" aria-invalid=\"false\" value=\"\" type=\"number\" name=\"tn_essen\" \/><\/span> <\/label>\n<\/p>\n<p><label> Gerne k\u00f6nnt Ihr uns noch was mitteilen.<br \/>\n<span class=\"wpcf7-form-control-wrap\" data-name=\"your-message\"><textarea cols=\"40\" rows=\"10\" maxlength=\"2000\" class=\"wpcf7-form-control wpcf7-textarea\" aria-invalid=\"false\" name=\"your-message\"><\/textarea><\/span> <\/label>\n<\/p>\n<p><input class=\"wpcf7-form-control wpcf7-submit has-spinner\" type=\"submit\" value=\"Senden\" \/>\n<\/p><div class=\"wpcf7-response-output\" aria-hidden=\"true\"><\/div>\n<\/form>\n<\/div>\n\n\n\n","protected":false},"excerpt":{"rendered":"<p>Mit gro\u00dfer Betroffenheit haben wir vom pl\u00f6tzlichen Tod unseres Kameraden Thomas \u201eArni\u201c Arnold erfahren.Arni war \u00fcber Jahrzehnte ein fester Bestandteil unserer Feuerwehr \u2013 engagiert, hilfsbereit und mit ganzem Herzen dabei. Sein Verlust trifft uns tief. Aufgrund der gro\u00dfen Resonanz auf den pl\u00f6tzlichen Tod unseres Arnis, der zahlreichen Beileidsbekundungen und der vielen Nachfragen zur Trauerfeier rechnen [&hellip;]<\/p>\n","protected":false},"author":18,"featured_media":0,"parent":0,"menu_order":0,"comment_status":"closed","ping_status":"closed","template":"","meta":{"_monsterinsights_skip_tracking":false,"_monsterinsights_sitenote_active":false,"_monsterinsights_sitenote_note":"","_monsterinsights_sitenote_category":0,"footnotes":""},"class_list":["post-29839","page","type-page","status-publish","hentry"],"aioseo_notices":[],"_links":{"self":[{"href":"https:\/\/www.ff-sarstedt.de\/stadt\/wp-json\/wp\/v2\/pages\/29839","targetHints":{"allow":["GET"]}}],"collection":[{"href":"https:\/\/www.ff-sarstedt.de\/stadt\/wp-json\/wp\/v2\/pages"}],"about":[{"href":"https:\/\/www.ff-sarstedt.de\/stadt\/wp-json\/wp\/v2\/types\/page"}],"author":[{"embeddable":true,"href":"https:\/\/www.ff-sarstedt.de\/stadt\/wp-json\/wp\/v2\/users\/18"}],"replies":[{"embeddable":true,"href":"https:\/\/www.ff-sarstedt.de\/stadt\/wp-json\/wp\/v2\/comments?post=29839"}],"version-history":[{"count":12,"href":"https:\/\/www.ff-sarstedt.de\/stadt\/wp-json\/wp\/v2\/pages\/29839\/revisions"}],"predecessor-version":[{"id":29864,"href":"https:\/\/www.ff-sarstedt.de\/stadt\/wp-json\/wp\/v2\/pages\/29839\/revisions\/29864"}],"wp:attachment":[{"href":"https:\/\/www.ff-sarstedt.de\/stadt\/wp-json\/wp\/v2\/media?parent=29839"}],"curies":[{"name":"wp","href":"https:\/\/api.w.org\/{rel}","templated":true}]}}