{"id":6362,"date":"2015-10-03T10:26:50","date_gmt":"2015-10-03T08:26:50","guid":{"rendered":"http:\/\/www.ff-sarstedt.de\/stadt\/?page_id=6362"},"modified":"2016-03-25T10:33:21","modified_gmt":"2016-03-25T09:33:21","slug":"2006-2010","status":"publish","type":"page","link":"https:\/\/www.ff-sarstedt.de\/stadt\/sarstedt-1\/wir-ueber-uns\/chronik\/2006-2010","title":{"rendered":"2006 &#8211; 2010"},"content":{"rendered":"<p>&nbsp;<\/p>\n<h3>Die Chronik der Ortsfeuerwehr Sarstedt &#8211; 2006 bis 2010<\/h3>\n<div style=\"width: 200; float: left;\">\n<p>&nbsp;<\/p>\n<div id=\"attachment_6371\" style=\"width: 160px\" class=\"wp-caption alignleft\"><a href=\"https:\/\/www.ff-sarstedt.de\/stadt\/wp-content\/uploads\/2015\/10\/2007hochwasser_900.jpg\" rel=\"lightbox[6362]\"><img loading=\"lazy\" decoding=\"async\" aria-describedby=\"caption-attachment-6371\" class=\"size-thumbnail wp-image-6371\" src=\"https:\/\/www.ff-sarstedt.de\/stadt\/wp-content\/uploads\/2015\/10\/2007hochwasser_900-150x150.jpg\" alt=\"Hochwasser 2007 - Kolonoie an der Innerste\" width=\"150\" height=\"150\" \/><\/a><p id=\"caption-attachment-6371\" class=\"wp-caption-text\">Hochwasser 2007 &#8211; Kolonoie an der Innerste<\/p><\/div>\n<p>&nbsp;<\/p>\n<p>&nbsp;<\/p>\n<p>&nbsp;<\/p>\n<p>&nbsp;<\/p>\n<p>&nbsp;<\/p>\n<div id=\"attachment_6372\" style=\"width: 160px\" class=\"wp-caption alignleft\"><a href=\"https:\/\/www.ff-sarstedt.de\/stadt\/wp-content\/uploads\/2015\/10\/2009gabel900.jpg\" rel=\"lightbox[6362]\"><img loading=\"lazy\" decoding=\"async\" aria-describedby=\"caption-attachment-6372\" class=\"size-thumbnail wp-image-6372\" src=\"https:\/\/www.ff-sarstedt.de\/stadt\/wp-content\/uploads\/2015\/10\/2009gabel900-150x150.jpg\" alt=\"Ehrung des \u00e4ltesten lebenden Kameraden Josef Gabel f\u00fcr 70 Jahre Mitgliedschaft\" width=\"150\" height=\"150\" \/><\/a><p id=\"caption-attachment-6372\" class=\"wp-caption-text\">Ehrung des \u00e4ltesten lebenden Kameraden Josef Gabel f\u00fcr 70 Jahre Mitgliedschaft<\/p><\/div>\n<p>&nbsp;<\/p>\n<p>&nbsp;<\/p>\n<p>&nbsp;<\/p>\n<p>&nbsp;<\/p>\n<p>&nbsp;<\/p>\n<div id=\"attachment_6373\" style=\"width: 160px\" class=\"wp-caption alignleft\"><a href=\"https:\/\/www.ff-sarstedt.de\/stadt\/wp-content\/uploads\/2015\/10\/2009wkg_900.jpg\" rel=\"lightbox[6362]\"><img loading=\"lazy\" decoding=\"async\" aria-describedby=\"caption-attachment-6373\" class=\"size-thumbnail wp-image-6373\" src=\"https:\/\/www.ff-sarstedt.de\/stadt\/wp-content\/uploads\/2015\/10\/2009wkg_900-150x150.jpg\" alt=\"Wettkampfgruppe im Jahre 2009\" width=\"150\" height=\"150\" \/><\/a><p id=\"caption-attachment-6373\" class=\"wp-caption-text\">Wettkampfgruppe im Jahre 2009<\/p><\/div>\n<p>&nbsp;<\/p>\n<p>&nbsp;<\/p>\n<p>&nbsp;<\/p>\n<p>&nbsp;<\/p>\n<p>&nbsp;<\/p>\n<div id=\"attachment_6374\" style=\"width: 160px\" class=\"wp-caption alignleft\"><a href=\"https:\/\/www.ff-sarstedt.de\/stadt\/wp-content\/uploads\/2015\/10\/2010haus1200.jpg\" rel=\"lightbox[6362]\"><img loading=\"lazy\" decoding=\"async\" aria-describedby=\"caption-attachment-6374\" class=\"size-thumbnail wp-image-6374\" src=\"https:\/\/www.ff-sarstedt.de\/stadt\/wp-content\/uploads\/2015\/10\/2010haus1200-150x150.jpg\" alt=\"2010 beschlie\u00dft der Rat ein neues Heim f\u00fcr die Feuerwehr\" width=\"150\" height=\"150\" \/><\/a><p id=\"caption-attachment-6374\" class=\"wp-caption-text\">2010 beschlie\u00dft der Rat ein neues Heim f\u00fcr die Feuerwehr<\/p><\/div>\n<p>&nbsp;<\/p>\n<p>&nbsp;<\/p>\n<p>&nbsp;<\/p>\n<p>&nbsp;<\/p>\n<p>&nbsp;<\/p>\n<div id=\"attachment_6375\" style=\"width: 160px\" class=\"wp-caption alignleft\"><a href=\"https:\/\/www.ff-sarstedt.de\/stadt\/wp-content\/uploads\/2015\/10\/2010elw_900.jpg\" rel=\"lightbox[6362]\"><img loading=\"lazy\" decoding=\"async\" aria-describedby=\"caption-attachment-6375\" class=\"size-thumbnail wp-image-6375\" src=\"https:\/\/www.ff-sarstedt.de\/stadt\/wp-content\/uploads\/2015\/10\/2010elw_900-150x150.jpg\" alt=\"2010: Abholung des ELW\" width=\"150\" height=\"150\" \/><\/a><p id=\"caption-attachment-6375\" class=\"wp-caption-text\">2010: Abholung des ELW<\/p><\/div>\n<p>&nbsp;<\/p>\n<p>&nbsp;<\/p>\n<p>&nbsp;<\/p>\n<p>&nbsp;<\/p>\n<p>&nbsp;<\/p>\n<div id=\"attachment_6369\" style=\"width: 160px\" class=\"wp-caption alignleft\"><a href=\"https:\/\/www.ff-sarstedt.de\/stadt\/wp-content\/uploads\/2015\/10\/2007saebel_900.jpg\" rel=\"lightbox[6362]\"><img loading=\"lazy\" decoding=\"async\" aria-describedby=\"caption-attachment-6369\" class=\"size-thumbnail wp-image-6369\" src=\"https:\/\/www.ff-sarstedt.de\/stadt\/wp-content\/uploads\/2015\/10\/2007saebel_900-150x150.jpg\" alt=\"Der S\u00e4bel vom Alfred Schrader\" width=\"150\" height=\"150\" \/><\/a><p id=\"caption-attachment-6369\" class=\"wp-caption-text\">Der S\u00e4bel vom Alfred Schrader<\/p><\/div>\n<p>&nbsp;<\/p>\n<p>&nbsp;<\/p>\n<p>&nbsp;<\/p>\n<p>&nbsp;<\/p>\n<p>&nbsp;<\/p>\n<\/div>\n<div style=\"text-align: justify;\">Am <strong>28.01.2006<\/strong> findet die 126. Jahreshauptversammlung der Freiwilligen Feuerwehr statt.Mit einem gro\u00dfen Zapfenstreich wird am <strong>02. Februar 2006<\/strong> der scheidende Stadtbrandmeister Rainer Will vor dem Sarstedter Feuerwehrhaus<br \/>\ndurch die Stadtfeuerwehr verabschiedet. Der neu gew\u00e4hlte Stadtbrandmeister Uwe Meyer \u00fcbernimmt nun die F\u00fchrung der Stadtfeuerwehr.Am <strong>01.April 2006<\/strong> kann der Ehrendegen vom alten FC Schrader wiederbeschafft werden, der im Zuge der Entmilitarisierung durch amerikanische Soldaten requiriert wurde.In den fr\u00fchen Morgenstunden des <strong>01. Mai 2006<\/strong> brennt in der Wilhelm-Rabe Str. eine Wohnung aus.<br \/>\nZu Schaden kommt gl\u00fccklicherweise niemand.<\/p>\n<p>Beginn der Planungen f\u00fcr das neue Feuerwehreinsatzzentrum. Am <strong>08.Mai 2006<\/strong> findet die erste Arbeitssitzung statt.<\/p>\n<p>H5N1 Die Vogelgrippe ist in Deutschland. Im Verlauf des Jahres muss die Feuerwehr immer wieder ausr\u00fccken um verletzte bzw. tote Tiere einzusammeln.<\/p>\n<p>Gottlob best\u00e4tigt sich bis dato kein Fall als infiziert.<\/p>\n<p>Kyrill Ein Sturmtief mit dem Name Kyrill h\u00e4lt die Feuerwehr vom <strong>18.01.2007<\/strong> Sturm bis <strong>22.01.2007<\/strong> in Atem.<br \/>\nDa die Feuerwehreinsatzleitstelle die vielen Eins\u00e4tze nicht mehr bew\u00e4ltigen kann wird im Feuerwehrhaus Sarstedt eine Technische Einsatzleitung<br \/>\nzur Koordination der Eins\u00e4tze eingerichtet.<\/p>\n<p>Im Dachsteinweg brennt am Vormittag des <strong>28. M\u00e4rz 2007<\/strong> eine Werkhalle mit mehreren Reisebussen ab.<\/p>\n<p>Am Nachmittag des <strong>05. Juli 2007<\/strong> brennt in der Wilhelm-Rabestr. eine Wohnung aus der Bewohner wird in letzter Minute mittels Drehleiter vom Balkon gerettet.<\/p>\n<p>Ein gebrauchter Mannschaftstransporter wird als Ersatz f\u00fcr den in die Jahre gekommenen MTW am <strong>05.07.2007<\/strong> durch den<\/p>\n<p>B\u00fcrgermeister in den Dienst gestellt.<\/p>\n<p>Durch einen politisch motivierten Brandanschlag werden in den fr\u00fchen Morgenstunden des <strong>14. August 2007<\/strong> bei der Fa. Eon Avacon<br \/>\nin der Jacobistrasse mehrere Fahrzeuge Raub der Flammen.<\/p>\n<p>Hochwasser sorgt f\u00fcr Katastrohpenalarm. Vom <strong>29.September<\/strong> bis <strong>02.Oktober 2007<\/strong> herrschte im Lankreis Hildesheim<br \/>\nHochwasser Katastrophenalarm. Die Lage an der Sarstedter Innerstebr\u00fccke ist mehr als kritisch. Der Bruch eines Deiches in der Gemeinde Hockeln<br \/>\nverhindert das die Sarstedter Innenstadt mit Wasser voll laufen kann.<\/p>\n<p>Am Abend des <strong>11. Oktober 2007<\/strong> brennt in Giften am Entenfang ein Aussiedlerhof aus.<\/p>\n<p>In der Nacht zum <strong>3. November 2007<\/strong> brennt am Fr.-Ebertpark ein Einkaufsmarkt aus. Durch den Einsatz<br \/>\naller Feuerwehren des Stadtgebietes kann ein \u00dcbergreifen auf benachbarte Geb\u00e4ude verhindert werden.<\/p>\n<p><strong>03.11.2007<\/strong>, In der Ziegelbrenner Str. Brennt eine K\u00fcche aus.<\/p>\n<p>In den Fr\u00fchen Morgenstunden des <strong>07. Dezember 2007<\/strong> wird der Verkaufsraum eines Kfz Teilemarkt in der K\u00e4the Paulus Str. durch ein Feuer total zerst\u00f6rt.<\/p>\n<p>Insgesamt ist <strong>2007<\/strong> ein Rekordjahr. 205 Eins\u00e4tze wurden abgearbeitet, davon alleine 108 Hilfeleistungseins\u00e4tze.<\/p>\n<p><strong>26.Januar 2008<\/strong> die 128 Jahreshauptversammlung der Feuerwehr Wird abgehalten.<\/p>\n<p>F\u00fcr die Fahrer der Einsatzfahrzeuge wird im <strong>M\u00e4rz 2008<\/strong> auf dem Gel\u00e4nder der Firma MDL ein Fahrsicherheitstrining durchgef\u00fchrt.<\/p>\n<p>Im <strong>M\u00e4rz 2008<\/strong> gewinnt die Jugendfeuerwehr Sarstedt mit 1401 Punkten den Stadtpokal. Im Juli werden sie sogar Vize-Kreismeister.<\/p>\n<p>Im November bei Schnee und wird den Einsatzkr\u00e4ften richtig eingeheizt. Am <strong>22.11.<\/strong> laufen alle Atemschutzger\u00e4tetr\u00e4ger der Stadtfeuerwehren durch einen Brandsimulationscontainer.<\/p>\n<p>Kamerad Josef Gabel wird am <strong>14. Februar 2009<\/strong> f\u00fcr 70 Jahre Mitgliedschaft in der Feuerwehr geehrt.<\/p>\n<p>Nach \u00fcber 15 Jahren Pause wird zeitgleich mit der Jugendfeuerwehr ein Stadtpokal der Akktiven Kameraden durchgef\u00fchrt. Mit \u00fcber 20 Sekunden Vorsprung sicherte sich die Sarstedter Truppe den (virtuellen) Pokal. &lt;b&lt;2009 wird f\u00fcr die Wettbewerbsgruppe ein Erfolgsjahr. Erster Platz in Schulenburg, und ein zweiter Platz un Fro\u00df F\u00f6hrste.<\/p>\n<p>Zufall? Vorahnung? Im <strong>August 2009<\/strong> f\u00fchrt die Stadtfeuerwehr ein Training \u00fcber moderne Rettungsmethoden bei Verkehrsunf\u00e4llen durch. Im Oktober sind innerhalb von einer Woche zwei schwere Unf\u00e4lle mit insgesamt 8 Verletzten und ein Toten. Hier konnte das neu erlernte Wissen gut angewendet werden.<\/p>\n<p>Der Rat fasst am <strong>28. Januar 2010<\/strong> folgenden Beschluss. Der Neubau des Feuerwehrhauses Sarstedt soll an der Stra\u00dfe \u201eIm Kirchenfelde\u201c errichtet werden. Das Kostenvolumen wird auf 3,4 Millionen Euro festgestellt.<\/p>\n<p>Mit einem Schnuppertag f\u00fcr Kinder wurde am <strong>17.04.2010<\/strong> die Gr\u00fcndung der Kinderfeuerwehr Sarstedt &#8211; die Feuerf\u00fcchse &#8211; besiegelt.<\/p>\n<p>Im Cockpit gegen die Flammen. Am <strong>07.05.2010 <\/strong> konnte B\u00fcrgermeister K. H. Wondratscheck die Schl\u00fcssel f\u00fcr den neuen Einsatzleitwagen \u00fcbergeben.<\/p>\n<p>Am 29.05. verteidigt die Wettkampfgruppe in Giften den Stadtpokal. Doch diesmal betr\u00e4gt der Vorsprung gerade mal 0,12 Sekunden.<\/p>\n<p>Horry-Wehr-Schuss! So lautet der Schlachtruf beim Sch\u00fctzenfest im <strong>Juni 2010<\/strong>, dass gemeinsam mit der Feuerwehr Sarstedt,<br \/>\nanl\u00e4\u00dflich des 130j\u00e4hrigen Bestehens, ausgerichtet wurde.<\/p>\n<\/div>\n","protected":false},"excerpt":{"rendered":"<p>&nbsp; Die Chronik der Ortsfeuerwehr Sarstedt &#8211; 2006 bis 2010 &nbsp; &nbsp; &nbsp; &nbsp; &nbsp; &nbsp; &nbsp; &nbsp; &nbsp; &nbsp; &nbsp; &nbsp; &nbsp; &nbsp; &nbsp; &nbsp; &nbsp; &nbsp; &nbsp; &nbsp; &nbsp; &nbsp; &nbsp; &nbsp; &nbsp; &nbsp; &nbsp; &nbsp; &nbsp; &nbsp; &nbsp; Am 28.01.2006 findet die 126. Jahreshauptversammlung der Freiwilligen Feuerwehr statt.Mit einem gro\u00dfen Zapfenstreich wird [&hellip;]<\/p>\n","protected":false},"author":1,"featured_media":6369,"parent":6324,"menu_order":0,"comment_status":"closed","ping_status":"closed","template":"side-navigation.php","meta":{"_monsterinsights_skip_tracking":false,"_monsterinsights_sitenote_active":false,"_monsterinsights_sitenote_note":"","_monsterinsights_sitenote_category":0,"footnotes":""},"class_list":["post-6362","page","type-page","status-publish","has-post-thumbnail","hentry"],"aioseo_notices":[],"_links":{"self":[{"href":"https:\/\/www.ff-sarstedt.de\/stadt\/wp-json\/wp\/v2\/pages\/6362","targetHints":{"allow":["GET"]}}],"collection":[{"href":"https:\/\/www.ff-sarstedt.de\/stadt\/wp-json\/wp\/v2\/pages"}],"about":[{"href":"https:\/\/www.ff-sarstedt.de\/stadt\/wp-json\/wp\/v2\/types\/page"}],"author":[{"embeddable":true,"href":"https:\/\/www.ff-sarstedt.de\/stadt\/wp-json\/wp\/v2\/users\/1"}],"replies":[{"embeddable":true,"href":"https:\/\/www.ff-sarstedt.de\/stadt\/wp-json\/wp\/v2\/comments?post=6362"}],"version-history":[{"count":0,"href":"https:\/\/www.ff-sarstedt.de\/stadt\/wp-json\/wp\/v2\/pages\/6362\/revisions"}],"up":[{"embeddable":true,"href":"https:\/\/www.ff-sarstedt.de\/stadt\/wp-json\/wp\/v2\/pages\/6324"}],"wp:featuredmedia":[{"embeddable":true,"href":"https:\/\/www.ff-sarstedt.de\/stadt\/wp-json\/wp\/v2\/media\/6369"}],"wp:attachment":[{"href":"https:\/\/www.ff-sarstedt.de\/stadt\/wp-json\/wp\/v2\/media?parent=6362"}],"curies":[{"name":"wp","href":"https:\/\/api.w.org\/{rel}","templated":true}]}}