{"id":6947,"date":"2015-11-26T21:51:35","date_gmt":"2015-11-26T20:51:35","guid":{"rendered":"http:\/\/www.ff-sarstedt.de\/stadt\/?page_id=6947"},"modified":"2022-08-31T11:33:23","modified_gmt":"2022-08-31T09:33:23","slug":"hotteln-lf-8","status":"publish","type":"page","link":"https:\/\/www.ff-sarstedt.de\/stadt\/hotteln\/technik\/hotteln-lf-8","title":{"rendered":"Hotteln LF-8 a.D."},"content":{"rendered":"<h2><strong>L\u00f6schgruppenfahrzeug 8\/6 MB 814<\/strong><\/h2>\n<p><a href=\"?page_id=1692\">Zur\u00fcck zu Technik<\/a><\/p>\n<p>Zum <strong>100 J\u00e4hrigen Bestehen der Freiwilligen Feuerwehr Hotteln<\/strong> im Jahre <strong>1995<\/strong>\u00a0wurde das <strong>L\u00f6schgruppenfahrzeug 8\/6<\/strong> (LF 8\/6) in Dienst gestellt. Das Fahrzeug <strong>l\u00f6ste das Hilfeleistungsl\u00f6schgruppenfahrzeug 8 (HiLF 8)<\/strong> aus dem <strong>Baujahr 1972<\/strong> ab.<\/p>\n<p>Das LF 8\/6 ist ein kompaktes <strong>L\u00f6schgruppenfahrzeug<\/strong> und dient vornehmlich zur <strong>Brandbek\u00e4mpfung<\/strong>. Hinter dem K\u00fcrzel 8\/6 verbirgt sich die Leistung der Feuerl\u00f6schkreiselpumpe (800L\/min) und der Inhalt des <strong>Wassertanks<\/strong> (600L). In Verbindung mit dem <strong>Schnellangriffschlauch<\/strong> mit einer L\u00e4nge von 30 Meter kann hier bereits ein z\u00fcgiger Erstangriff erfolgen. Au\u00dferdem befinden sich 2 der insgesamt 4 <strong>Atemschutzger\u00e4te<\/strong> im Mannschaftsraum, sodass sich bereits w\u00e4hrend der Anfahrt ein Trupp damit ausr\u00fcsten, und ohne Zeitverlust einen raschen Angriff durchf\u00fchren kann. Mit einer Besatzung von 9 Mann (1\/8) bietet das Fahrzeug Platz f\u00fcr eine L\u00f6schgruppe, der taktischen Grundeinheit der Feuerwehr.<\/p>\n<p>Das LF 8\/6 wird auf der Bundesautobahn 7, im Stadtgebiet von Sarstedt, im Brandabschnitt Nord aber auch zu \u00fcber\u00f6rtlich Eins\u00e4tzen (z.B. Elbehochwasser 2002 u. 2007) der <a href=\"https:\/\/www.ff-sarstedt.de\/stadt\/hotteln\/einsatzabteilung\/feuerwehrbereitschaft-1\">Kreisfeuerwehrbereitschaft 1 des Landkreises Hildesheim <\/a>eingesetzt.<\/p>\n<p><strong>Dieses Fahrzeug wurde im August 2022 au\u00dfer Dienst gestellt.<\/strong><\/p>\n<h3>Technische Daten:<\/h3>\n<ul>\n<li>Funkrufname: Florian Hildesheim Land 11\/45\/11<\/li>\n<li>Typ: LF 8\/6<\/li>\n<li>Fahrgestell: Mercedes Benz 814<\/li>\n<li>Aufbau: Fa. Ziegler<\/li>\n<li>Leistung : 140 PS<\/li>\n<li>Zul. Gesamtgewicht 8400 kg, zugelassen auf 7490 kg<\/li>\n<li>Pumpenleistung: 800 L\/min<\/li>\n<li>Wassertank 600L<\/li>\n<li>Besatzung: 1\/8<\/li>\n<\/ul>\n<h3>Technische Ausr\u00fcstung<\/h3>\n<ul>\n<li>4 Atemschutzger\u00e4te mit Totmannwarner<\/li>\n<li>Atemschutz\u00fcberwachungstafel<\/li>\n<li>Tragkraftspritze 8\/8 (800L Wasser bei 8bar in der Min.)<\/li>\n<li>2 x 1000 Watt Strahler inkl. Stativen zum Ausleuchten von Einsatzstellen<\/li>\n<li>Notstromaggregat<\/li>\n<li>Tauchpumpen<\/li>\n<li>30m Schnellangriffschlauch<\/li>\n<li>Heckwarneinrichtung<\/li>\n<li>60 Liter Schaummittel<\/li>\n<li>Motors\u00e4ge<\/li>\n<\/ul>\n<div id=\"attachment_6686\" style=\"width: 1610px\" class=\"wp-caption alignnone\"><a href=\"https:\/\/www.ff-sarstedt.de\/stadt\/wp-content\/uploads\/05_IMG_0051_Hotteln_LF8-16.jpg\" rel=\"lightbox[6947]\"><img loading=\"lazy\" decoding=\"async\" aria-describedby=\"caption-attachment-6686\" class=\"size-full wp-image-6686\" src=\"https:\/\/www.ff-sarstedt.de\/stadt\/wp-content\/uploads\/05_IMG_0051_Hotteln_LF8-16.jpg\" alt=\"Hotteln LF 8-16\" width=\"1600\" height=\"1200\" \/><\/a><p id=\"caption-attachment-6686\" class=\"wp-caption-text\">Hotteln LF 8-6<\/p><\/div>\n<p><a href=\"#top\">\u21d1<\/a><\/p>\n","protected":false},"excerpt":{"rendered":"<p>L\u00f6schgruppenfahrzeug 8\/6 MB 814 Zur\u00fcck zu Technik Zum 100 J\u00e4hrigen Bestehen der Freiwilligen Feuerwehr Hotteln im Jahre 1995\u00a0wurde das L\u00f6schgruppenfahrzeug 8\/6 (LF 8\/6) in Dienst gestellt. Das Fahrzeug l\u00f6ste das Hilfeleistungsl\u00f6schgruppenfahrzeug 8 (HiLF 8) aus dem Baujahr 1972 ab. Das LF 8\/6 ist ein kompaktes L\u00f6schgruppenfahrzeug und dient vornehmlich zur Brandbek\u00e4mpfung. Hinter dem K\u00fcrzel 8\/6 [&hellip;]<\/p>\n","protected":false},"author":7,"featured_media":0,"parent":1692,"menu_order":33,"comment_status":"closed","ping_status":"closed","template":"side-navigation.php","meta":{"_monsterinsights_skip_tracking":false,"_monsterinsights_sitenote_active":false,"_monsterinsights_sitenote_note":"","_monsterinsights_sitenote_category":0,"footnotes":""},"class_list":["post-6947","page","type-page","status-publish","hentry"],"aioseo_notices":[],"_links":{"self":[{"href":"https:\/\/www.ff-sarstedt.de\/stadt\/wp-json\/wp\/v2\/pages\/6947","targetHints":{"allow":["GET"]}}],"collection":[{"href":"https:\/\/www.ff-sarstedt.de\/stadt\/wp-json\/wp\/v2\/pages"}],"about":[{"href":"https:\/\/www.ff-sarstedt.de\/stadt\/wp-json\/wp\/v2\/types\/page"}],"author":[{"embeddable":true,"href":"https:\/\/www.ff-sarstedt.de\/stadt\/wp-json\/wp\/v2\/users\/7"}],"replies":[{"embeddable":true,"href":"https:\/\/www.ff-sarstedt.de\/stadt\/wp-json\/wp\/v2\/comments?post=6947"}],"version-history":[{"count":2,"href":"https:\/\/www.ff-sarstedt.de\/stadt\/wp-json\/wp\/v2\/pages\/6947\/revisions"}],"predecessor-version":[{"id":26247,"href":"https:\/\/www.ff-sarstedt.de\/stadt\/wp-json\/wp\/v2\/pages\/6947\/revisions\/26247"}],"up":[{"embeddable":true,"href":"https:\/\/www.ff-sarstedt.de\/stadt\/wp-json\/wp\/v2\/pages\/1692"}],"wp:attachment":[{"href":"https:\/\/www.ff-sarstedt.de\/stadt\/wp-json\/wp\/v2\/media?parent=6947"}],"curies":[{"name":"wp","href":"https:\/\/api.w.org\/{rel}","templated":true}]}}