{"id":723,"date":"2015-03-19T13:42:20","date_gmt":"2015-03-19T12:42:20","guid":{"rendered":"http:\/\/www.ff-sarstedt.de\/stadt\/?page_id=723"},"modified":"2020-04-30T11:52:29","modified_gmt":"2020-04-30T09:52:29","slug":"wir-ueber-uns","status":"publish","type":"page","link":"https:\/\/www.ff-sarstedt.de\/stadt\/sarstedt-1\/wir-ueber-uns","title":{"rendered":"Wir \u00fcber uns"},"content":{"rendered":"<div id=\"attachment_6316\" style=\"width: 310px\" class=\"wp-caption alignleft\"><a href=\"https:\/\/www.ff-sarstedt.de\/stadt\/wp-content\/uploads\/2015\/03\/mannschaft2013.jpg\" rel=\"lightbox[6324]\"><img loading=\"lazy\" decoding=\"async\" aria-describedby=\"caption-attachment-6316\" class=\"size-medium wp-image-6316\" src=\"https:\/\/www.ff-sarstedt.de\/stadt\/wp-content\/uploads\/2015\/03\/mannschaft2013-300x200.jpg\" alt=\"Einsatzabteilung 2013\" width=\"300\" height=\"200\" \/><\/a><p id=\"caption-attachment-6316\" class=\"wp-caption-text\">Einsatzabteilung 2013<\/p><\/div>\n<div id=\"attachment_6322\" style=\"width: 310px\" class=\"wp-caption alignleft\"><a href=\"https:\/\/www.ff-sarstedt.de\/stadt\/wp-content\/uploads\/2015\/10\/mannschaft-2004.jpg\" rel=\"lightbox[6324]\"><img loading=\"lazy\" decoding=\"async\" aria-describedby=\"caption-attachment-6322\" class=\"size-medium wp-image-6322\" src=\"https:\/\/www.ff-sarstedt.de\/stadt\/wp-content\/uploads\/2015\/10\/mannschaft-2004-300x225.jpg\" alt=\"Feuerwehr Sarstedt 2004\" width=\"300\" height=\"225\" \/><\/a><p id=\"caption-attachment-6322\" class=\"wp-caption-text\">Feuerwehr Sarstedt 2004<\/p><\/div>\n<div id=\"attachment_6420\" style=\"width: 310px\" class=\"wp-caption alignleft\"><a href=\"https:\/\/www.ff-sarstedt.de\/stadt\/wp-content\/uploads\/2015\/10\/1970mannschaft1200.jpg\" rel=\"lightbox[6324]\"><img loading=\"lazy\" decoding=\"async\" aria-describedby=\"caption-attachment-6420\" class=\"wp-image-6420 size-medium\" src=\"https:\/\/www.ff-sarstedt.de\/stadt\/wp-content\/uploads\/2015\/10\/1970mannschaft1200-300x157.jpg\" alt=\"Feuerwehr Sarstedt Mannschaftsbild 1972\" width=\"300\" height=\"157\" \/><\/a><p id=\"caption-attachment-6420\" class=\"wp-caption-text\">Feuerwehr Sarstedt Mannschaftsbild 1972<\/p><\/div>\n<p>&nbsp;<\/p>\n<p>&nbsp;<\/p>\n<p>&nbsp;<\/p>\n<p>&nbsp;<\/p>\n<p>&nbsp;<\/p>\n<div id=\"ccchildpages-1\" class=\"ccchildpages ccflex twocol cc-child ccclearfix\"><div class=\"ccchildpage  ccfirst ccodd ccpage-count-1 ccpage-id-726 ccpage-ortskommando ccpage-has-parent ccpage-pid-723 ccpage-parent-wir-ueber-uns\"><h3 class=\"ccpage_title\" title=\"Ortskommando\">Ortskommando<\/h3><div class=\"ccpages_excerpt\">Das Ortskommando besteht aus den F\u00fchrungskr\u00e4ften f\u00fcr die taktischen Einheiten, sowie den Funktionern f\u00fcr die einzelnen Abteilungen und Aufgaben. Die...<\/div><p class=\"ccpages_more\"><a href=\"https:\/\/www.ff-sarstedt.de\/stadt\/sarstedt-1\/wir-ueber-uns\/ortskommando\"  title=\"weiterlesen...\">weiterlesen...<\/a><\/p><\/div><div class=\"ccchildpage  cclast cceven ccpage-count-2 ccpage-id-1019 ccpage-wehrfueher ccpage-has-parent ccpage-pid-723 ccpage-parent-wir-ueber-uns\"><h3 class=\"ccpage_title\" title=\"Wehrf\u00fchrer\">Wehrf\u00fchrer<\/h3><div class=\"ccpages_excerpt\">Seit bestehen der Ortsfeuerwehr Sarstedt habe zw\u00f6lf Wehrf\u00fchrer die\u00a0F\u00fchrungsaufgabe \u00fcbernommen. Bis zur Gebietsreform im Jahre 1974 trug der Wehrf\u00fchrer die...<\/div><p class=\"ccpages_more\"><a href=\"https:\/\/www.ff-sarstedt.de\/stadt\/sarstedt-1\/wir-ueber-uns\/wehrfueher\"  title=\"weiterlesen...\">weiterlesen...<\/a><\/p><\/div><div class=\"ccchildpage  ccfirst ccodd ccpage-count-3 ccpage-id-6324 ccpage-chronik ccpage-has-parent ccpage-pid-723 ccpage-parent-wir-ueber-uns\"><h3 class=\"ccpage_title\" title=\"Chronik\">Chronik<\/h3><div class=\"ccpages_excerpt\"><\/div><p class=\"ccpages_more\"><a href=\"https:\/\/www.ff-sarstedt.de\/stadt\/sarstedt-1\/wir-ueber-uns\/chronik\"  title=\"weiterlesen...\">weiterlesen...<\/a><\/p><\/div><\/div>\n","protected":false},"excerpt":{"rendered":"<p>&nbsp; &nbsp; &nbsp; &nbsp; &nbsp;<\/p>\n","protected":false},"author":1,"featured_media":6316,"parent":22709,"menu_order":28,"comment_status":"closed","ping_status":"closed","template":"side-navigation.php","meta":{"_monsterinsights_skip_tracking":false,"_monsterinsights_sitenote_active":false,"_monsterinsights_sitenote_note":"","_monsterinsights_sitenote_category":0,"footnotes":""},"class_list":["post-723","page","type-page","status-publish","has-post-thumbnail","hentry"],"aioseo_notices":[],"_links":{"self":[{"href":"https:\/\/www.ff-sarstedt.de\/stadt\/wp-json\/wp\/v2\/pages\/723","targetHints":{"allow":["GET"]}}],"collection":[{"href":"https:\/\/www.ff-sarstedt.de\/stadt\/wp-json\/wp\/v2\/pages"}],"about":[{"href":"https:\/\/www.ff-sarstedt.de\/stadt\/wp-json\/wp\/v2\/types\/page"}],"author":[{"embeddable":true,"href":"https:\/\/www.ff-sarstedt.de\/stadt\/wp-json\/wp\/v2\/users\/1"}],"replies":[{"embeddable":true,"href":"https:\/\/www.ff-sarstedt.de\/stadt\/wp-json\/wp\/v2\/comments?post=723"}],"version-history":[{"count":0,"href":"https:\/\/www.ff-sarstedt.de\/stadt\/wp-json\/wp\/v2\/pages\/723\/revisions"}],"up":[{"embeddable":true,"href":"https:\/\/www.ff-sarstedt.de\/stadt\/wp-json\/wp\/v2\/pages\/22709"}],"wp:featuredmedia":[{"embeddable":true,"href":"https:\/\/www.ff-sarstedt.de\/stadt\/wp-json\/wp\/v2\/media\/6316"}],"wp:attachment":[{"href":"https:\/\/www.ff-sarstedt.de\/stadt\/wp-json\/wp\/v2\/media?parent=723"}],"curies":[{"name":"wp","href":"https:\/\/api.w.org\/{rel}","templated":true}]}}